CRAN Package Check Results for Package trackter

Last updated on 2023-01-28 22:55:29 CET.

Flavor Version Tinstall Tcheck Ttotal Status Flags
r-devel-linux-x86_64-debian-clang 0.1.1 13.34 116.80 130.14 OK
r-devel-linux-x86_64-debian-gcc 0.1.1 9.93 83.90 93.83 OK
r-devel-linux-x86_64-fedora-clang 0.1.1 146.85 NOTE
r-devel-linux-x86_64-fedora-gcc 0.1.1 152.00 NOTE
r-patched-linux-x86_64 0.1.1 15.96 107.35 123.31 OK
r-release-linux-x86_64 0.1.1 9.28 109.59 118.87 OK
r-release-macos-arm64 0.1.1 47.00 NOTE
r-release-macos-x86_64 0.1.1 72.00 NOTE
r-release-windows-x86_64 0.1.1 25.00 133.00 158.00 OK
r-oldrel-macos-arm64 0.1.1 65.00 NOTE
r-oldrel-macos-x86_64 0.1.1 81.00 NOTE
r-oldrel-windows-ix86+x86_64 0.1.1 27.00 128.00 155.00 OK

Check Details

Version: 0.1.1
Check: dependencies in R code
Result: NOTE
    Namespaces in Imports field not imported from:
     ‘ggplot2’ ‘jpeg’ ‘pastecs’ ‘plyr’ ‘raster’
     All declared Imports should be used.
Flavors: r-devel-linux-x86_64-fedora-clang, r-devel-linux-x86_64-fedora-gcc, r-release-macos-arm64, r-release-macos-x86_64, r-oldrel-macos-arm64, r-oldrel-macos-x86_64