CRAN Package Check Results for Package trajectories

Last updated on 2020-07-11 22:50:19 CEST.

Flavor Version Tinstall Tcheck Ttotal Status Flags
r-devel-linux-x86_64-debian-clang 0.2-2 12.57 162.31 174.88 NOTE
r-devel-linux-x86_64-debian-gcc 0.2-2 11.32 126.88 138.20 NOTE
r-devel-linux-x86_64-fedora-gcc 0.2-2 217.77 NOTE
r-devel-windows-ix86+x86_64 0.2-2 27.00 265.00 292.00 NOTE
r-patched-linux-x86_64 0.2-2 11.96 165.65 177.61 NOTE
r-patched-solaris-x86 0.2-2 296.30 NOTE
r-release-linux-x86_64 0.2-2 11.89 164.18 176.07 NOTE
r-release-macos-x86_64 0.2-2 NOTE
r-release-windows-ix86+x86_64 0.2-2 27.00 186.00 213.00 NOTE
r-oldrel-macos-x86_64 0.2-2 NOTE
r-oldrel-windows-ix86+x86_64 0.2-2 25.00 185.00 210.00 NOTE

Check Details

Version: 0.2-2
Check: package dependencies
Result: NOTE
    Package suggested but not available for checking: 'taxidata'
Flavors: r-devel-linux-x86_64-debian-clang, r-devel-linux-x86_64-debian-gcc, r-devel-linux-x86_64-fedora-gcc, r-devel-windows-ix86+x86_64, r-patched-linux-x86_64, r-patched-solaris-x86, r-release-linux-x86_64, r-release-macos-x86_64, r-release-windows-ix86+x86_64, r-oldrel-macos-x86_64, r-oldrel-windows-ix86+x86_64