CRAN Package Check Results for Package trajectories

Last updated on 2019-06-16 22:49:44 CEST.

Flavor Version Tinstall Tcheck Ttotal Status Flags
r-devel-linux-x86_64-debian-clang 0.2-1 11.30 130.33 141.63 NOTE
r-devel-linux-x86_64-debian-gcc 0.2-1 10.22 102.18 112.40 NOTE
r-devel-linux-x86_64-fedora-clang 0.2-1 162.36 NOTE
r-devel-linux-x86_64-fedora-gcc 0.2-1 158.28 NOTE
r-devel-windows-ix86+x86_64 0.2-1 26.00 198.00 224.00 NOTE
r-patched-linux-x86_64 0.2-1 10.63 131.89 142.52 NOTE
r-patched-solaris-x86 0.2-1 243.10 NOTE
r-release-linux-x86_64 0.2-1 10.06 131.12 141.18 NOTE
r-release-windows-ix86+x86_64 0.2-1 18.00 216.00 234.00 NOTE
r-release-osx-x86_64 0.2-1 NOTE
r-oldrel-windows-ix86+x86_64 0.2-1 12.00 192.00 204.00 NOTE
r-oldrel-osx-x86_64 0.2-1 NOTE

Check Details

Version: 0.2-1
Check: package dependencies
Result: NOTE
    Package suggested but not available for checking: 'taxidata'
Flavors: r-devel-linux-x86_64-debian-clang, r-devel-linux-x86_64-debian-gcc, r-devel-linux-x86_64-fedora-clang, r-devel-linux-x86_64-fedora-gcc, r-devel-windows-ix86+x86_64, r-patched-linux-x86_64, r-patched-solaris-x86, r-release-linux-x86_64, r-release-windows-ix86+x86_64, r-release-osx-x86_64, r-oldrel-windows-ix86+x86_64, r-oldrel-osx-x86_64