Last updated on 2023-06-07 22:02:58 CEST.
Flavor | Version | Tinstall | Tcheck | Ttotal | Status | Flags |
---|---|---|---|---|---|---|
r-devel-linux-x86_64-debian-clang | 0.2-7 | 14.98 | 171.16 | 186.14 | NOTE | |
r-devel-linux-x86_64-debian-gcc | 0.2-7 | 11.86 | 130.50 | 142.36 | NOTE | |
r-devel-linux-x86_64-fedora-clang | 0.2-7 | 124.45 | NOTE | |||
r-devel-linux-x86_64-fedora-gcc | 0.2-7 | 237.49 | NOTE | |||
r-devel-windows-x86_64 | 0.2-7 | 13.00 | 174.00 | 187.00 | NOTE | |
r-patched-linux-x86_64 | 0.2-7 | 14.41 | 163.94 | 178.35 | NOTE | |
r-release-linux-x86_64 | 0.2-7 | 11.74 | 165.18 | 176.92 | NOTE | |
r-release-macos-arm64 | 0.2-7 | 77.00 | NOTE | |||
r-release-macos-x86_64 | 0.2-7 | 130.00 | NOTE | |||
r-release-windows-x86_64 | 0.2-7 | 16.00 | 204.00 | 220.00 | NOTE | |
r-oldrel-macos-arm64 | 0.2-7 | 71.00 | NOTE | |||
r-oldrel-macos-x86_64 | 0.2-7 | 97.00 | NOTE | |||
r-oldrel-windows-x86_64 | 0.2-7 | 16.00 | 216.00 | 232.00 | NOTE |
Version: 0.2-7
Check: package dependencies
Result: NOTE
Package suggested but not available for checking: ‘taxidata’
Flavors: r-devel-linux-x86_64-debian-clang, r-devel-linux-x86_64-debian-gcc, r-devel-linux-x86_64-fedora-clang, r-devel-linux-x86_64-fedora-gcc, r-devel-windows-x86_64, r-patched-linux-x86_64, r-release-linux-x86_64, r-release-macos-arm64, r-release-macos-x86_64, r-release-windows-x86_64, r-oldrel-macos-arm64, r-oldrel-macos-x86_64, r-oldrel-windows-x86_64