Last updated on 2024-04-17 23:00:14 CEST.
Flavor | Version | Tinstall | Tcheck | Ttotal | Status | Flags |
---|---|---|---|---|---|---|
r-devel-linux-x86_64-debian-clang | 0.0-4 | 10.14 | 424.44 | 434.58 | OK | |
r-devel-linux-x86_64-debian-gcc | 0.0-4 | 6.68 | 304.18 | 310.86 | OK | |
r-devel-linux-x86_64-fedora-clang | 0.0-4 | 529.48 | OK | |||
r-devel-linux-x86_64-fedora-gcc | 0.0-4 | 557.40 | OK | |||
r-prerel-macos-arm64 | 0.0-4 | 136.00 | OK | |||
r-prerel-windows-x86_64 | 0.0-4 | 9.00 | 307.00 | 316.00 | OK | |
r-patched-linux-x86_64 | 0.0-4 | 9.14 | 404.01 | 413.15 | OK | |
r-release-linux-x86_64 | 0.0-4 | 7.45 | 417.02 | 424.47 | OK | |
r-release-macos-arm64 | 0.0-4 | 140.00 | OK | |||
r-release-macos-x86_64 | 0.0-4 | 178.00 | NOTE | |||
r-release-windows-x86_64 | 0.0-4 | 11.00 | 418.00 | 429.00 | OK | |
r-oldrel-macos-arm64 | 0.0-4 | 196.00 | OK | |||
r-oldrel-windows-x86_64 | 0.0-4 | 12.00 | 415.00 | 427.00 | OK |
Version: 0.0-4
Check: package dependencies
Result: NOTE
Package suggested but not available for checking: ‘tramnet’
Flavor: r-release-macos-x86_64
Version: 0.0-4
Check: re-building of vignette outputs
Result: NOTE
Note: skipping ‘tramvs.Rnw’ due to unavailable dependencies: 'tramnet'
Flavor: r-release-macos-x86_64