Last updated on 2024-03-28 23:02:01 CET.
Flavor | Version | Tinstall | Tcheck | Ttotal | Status | Flags |
---|---|---|---|---|---|---|
r-devel-linux-x86_64-debian-clang | 0.1.4 | 10.44 | 115.53 | 125.97 | OK | |
r-devel-linux-x86_64-debian-gcc | 0.1.4 | 9.63 | 87.20 | 96.83 | OK | |
r-devel-linux-x86_64-fedora-clang | 0.1.4 | 171.61 | NOTE | |||
r-devel-linux-x86_64-fedora-gcc | 0.1.4 | 172.25 | NOTE | |||
r-devel-windows-x86_64 | 0.1.4 | 11.00 | 108.00 | 119.00 | OK | |
r-patched-linux-x86_64 | 0.1.4 | 8.79 | 114.34 | 123.13 | OK | |
r-release-linux-x86_64 | 0.1.4 | 8.47 | 109.05 | 117.52 | OK | |
r-release-macos-arm64 | 0.1.4 | 57.00 | OK | |||
r-release-macos-x86_64 | 0.1.4 | 114.00 | OK | |||
r-release-windows-x86_64 | 0.1.4 | 14.00 | 127.00 | 141.00 | OK | |
r-oldrel-macos-arm64 | 0.1.4 | 52.00 | OK | |||
r-oldrel-windows-x86_64 | 0.1.4 | 15.00 | 126.00 | 141.00 | OK |
Version: 0.1.4
Check: data for non-ASCII characters
Result: NOTE
Note: found 827 marked UTF-8 strings
Flavors: r-devel-linux-x86_64-fedora-clang, r-devel-linux-x86_64-fedora-gcc