CRAN Package Check Results for Package transx

Last updated on 2024-02-21 21:49:55 CET.

Flavor Version Tinstall Tcheck Ttotal Status Flags
r-devel-linux-x86_64-debian-clang 0.0.1 NOTE
r-devel-linux-x86_64-debian-gcc 0.0.1 2.95 46.99 49.94 NOTE
r-devel-linux-x86_64-fedora-clang 0.0.1 81.21 NOTE
r-devel-linux-x86_64-fedora-gcc 0.0.1 93.26 NOTE
r-devel-windows-x86_64 0.0.1 5.00 82.00 87.00 NOTE
r-patched-linux-x86_64 0.0.1 3.69 61.25 64.94 NOTE
r-release-linux-x86_64 0.0.1 3.77 62.56 66.33 NOTE
r-release-macos-arm64 0.0.1 35.00 NOTE
r-release-macos-x86_64 0.0.1 54.00 NOTE
r-release-windows-x86_64 0.0.1 5.00 86.00 91.00 NOTE
r-oldrel-macos-arm64 0.0.1 31.00 NOTE
r-oldrel-windows-x86_64 0.0.1 6.00 84.00 90.00 NOTE

Check Details

Version: 0.0.1
Check: LazyData
Result: NOTE 'LazyData' is specified without a 'data' directory Flavors: r-devel-linux-x86_64-debian-clang, r-devel-linux-x86_64-debian-gcc, r-devel-linux-x86_64-fedora-clang, r-devel-linux-x86_64-fedora-gcc, r-devel-windows-x86_64, r-patched-linux-x86_64, r-release-linux-x86_64, r-release-macos-arm64, r-release-macos-x86_64, r-release-windows-x86_64, r-oldrel-macos-arm64, r-oldrel-windows-x86_64