Last updated on 2023-06-09 22:58:42 CEST.
Flavor | Version | Tinstall | Tcheck | Ttotal | Status | Flags |
---|---|---|---|---|---|---|
r-devel-linux-x86_64-debian-clang | 0.0.1 | 3.38 | 62.26 | 65.64 | NOTE | |
r-devel-linux-x86_64-debian-gcc | 0.0.1 | 2.96 | 47.64 | 50.60 | NOTE | |
r-devel-linux-x86_64-fedora-clang | 0.0.1 | 80.88 | NOTE | |||
r-devel-linux-x86_64-fedora-gcc | 0.0.1 | 90.70 | NOTE | |||
r-devel-windows-x86_64 | 0.0.1 | 8.00 | 83.00 | 91.00 | NOTE | |
r-patched-linux-x86_64 | 0.0.1 | 4.37 | 59.11 | 63.48 | NOTE | |
r-release-linux-x86_64 | 0.0.1 | 2.55 | 58.91 | 61.46 | NOTE | |
r-release-macos-arm64 | 0.0.1 | 35.00 | NOTE | |||
r-release-macos-x86_64 | 0.0.1 | 54.00 | NOTE | |||
r-release-windows-x86_64 | 0.0.1 | 5.00 | 84.00 | 89.00 | NOTE | |
r-oldrel-macos-arm64 | 0.0.1 | 31.00 | NOTE | |||
r-oldrel-macos-x86_64 | 0.0.1 | 38.00 | NOTE | |||
r-oldrel-windows-x86_64 | 0.0.1 | 6.00 | 82.00 | 88.00 | NOTE |
Version: 0.0.1
Check: LazyData
Result: NOTE
'LazyData' is specified without a 'data' directory
Flavors: r-devel-linux-x86_64-debian-clang, r-devel-linux-x86_64-debian-gcc, r-devel-linux-x86_64-fedora-clang, r-devel-linux-x86_64-fedora-gcc, r-devel-windows-x86_64, r-patched-linux-x86_64, r-release-linux-x86_64, r-release-macos-arm64, r-release-macos-x86_64, r-release-windows-x86_64, r-oldrel-macos-arm64, r-oldrel-macos-x86_64, r-oldrel-windows-x86_64