Last updated on 2023-11-28 23:04:53 CET.
Flavor | Version | Tinstall | Tcheck | Ttotal | Status | Flags |
---|---|---|---|---|---|---|
r-devel-linux-x86_64-debian-clang | 0.0.1 | 21.62 | 36.70 | 58.32 | NOTE | |
r-devel-linux-x86_64-debian-gcc | 0.0.1 | 13.90 | 27.95 | 41.85 | NOTE | |
r-devel-linux-x86_64-fedora-clang | 0.0.1 | 78.19 | NOTE | |||
r-devel-linux-x86_64-fedora-gcc | 0.0.1 | 78.99 | NOTE | |||
r-devel-windows-x86_64 | 0.0.1 | 18.00 | 79.00 | 97.00 | NOTE | |
r-patched-linux-x86_64 | 0.0.1 | 16.34 | 36.66 | 53.00 | OK | |
r-release-linux-x86_64 | 0.0.1 | 15.35 | 36.11 | 51.46 | OK | |
r-release-macos-arm64 | 0.0.1 | 26.00 | OK | |||
r-release-macos-x86_64 | 0.0.1 | 40.00 | OK | |||
r-release-windows-x86_64 | 0.0.1 | 23.00 | 88.00 | 111.00 | OK | |
r-oldrel-macos-arm64 | 0.0.1 | 26.00 | NOTE | |||
r-oldrel-macos-x86_64 | 0.0.1 | 36.00 | NOTE | |||
r-oldrel-windows-x86_64 | 0.0.1 | 21.00 | 72.00 | 93.00 | OK |
Version: 0.0.1
Check: Rd files
Result: NOTE
checkRd: (-1) gen_mease.Rd:19: Lost braces
19 | column (\code{yprob}) gives the true probabilities (i.e., Pr{Y = 1 | X = x}).
| ^
Flavors: r-devel-linux-x86_64-debian-clang, r-devel-linux-x86_64-debian-gcc
Version: 0.0.1
Check: Rd contents
Result: NOTE
Auto-generated content requiring editing in Rd file 'treemisc-package.Rd':
\references: ‘This optional section can contain literature or other refere...’
\seealso: ‘Optional links to other man pages’
\examples: ‘## Optional simple examples of the most important functions ...’
Flavors: r-devel-linux-x86_64-debian-clang, r-devel-linux-x86_64-debian-gcc, r-devel-linux-x86_64-fedora-clang, r-devel-linux-x86_64-fedora-gcc, r-devel-windows-x86_64
Version: 0.0.1
Check: dependencies in R code
Result: NOTE
Namespace in Imports field not imported from: ‘Rcpp’
All declared Imports should be used.
Flavors: r-devel-linux-x86_64-fedora-clang, r-devel-linux-x86_64-fedora-gcc, r-oldrel-macos-arm64, r-oldrel-macos-x86_64
Version: 0.0.1
Check: Rd cross-references
Result: NOTE
Undeclared package ‘ISLR’ in Rd xrefs
Flavor: r-devel-linux-x86_64-fedora-clang