Last updated on 2023-11-27 23:11:55 CET.
Flavor | Version | Tinstall | Tcheck | Ttotal | Status | Flags |
---|---|---|---|---|---|---|
r-devel-linux-x86_64-debian-clang | 1.1.4 | 109.42 | 44.08 | 153.50 | NOTE | |
r-devel-linux-x86_64-debian-gcc | 1.1.4 | 77.11 | 34.16 | 111.27 | NOTE | |
r-devel-linux-x86_64-fedora-clang | 1.1.4 | 237.58 | NOTE | |||
r-devel-linux-x86_64-fedora-gcc | 1.1.4 | 220.29 | NOTE | |||
r-devel-windows-x86_64 | 1.1.4 | 76.00 | 79.00 | 155.00 | NOTE | |
r-patched-linux-x86_64 | 1.1.4 | 88.62 | 44.45 | 133.07 | NOTE | |
r-release-linux-x86_64 | 1.1.4 | 80.66 | 42.68 | 123.34 | NOTE | |
r-release-macos-arm64 | 1.1.4 | 63.00 | NOTE | |||
r-release-macos-x86_64 | 1.1.4 | 96.00 | NOTE | |||
r-release-windows-x86_64 | 1.1.4 | 96.00 | 88.00 | 184.00 | NOTE | |
r-oldrel-macos-arm64 | 1.1.4 | 54.00 | NOTE | |||
r-oldrel-macos-x86_64 | 1.1.4 | 72.00 | NOTE | |||
r-oldrel-windows-x86_64 | 1.1.4 | 96.00 | 85.00 | 181.00 | OK |
Version: 1.1.4
Check: C++ specification
Result: NOTE
Specified C++11: please drop specification unless essential
Flavors: r-devel-linux-x86_64-debian-clang, r-devel-linux-x86_64-debian-gcc, r-devel-linux-x86_64-fedora-clang, r-devel-linux-x86_64-fedora-gcc, r-devel-windows-x86_64, r-patched-linux-x86_64, r-release-linux-x86_64, r-release-macos-arm64, r-release-macos-x86_64, r-release-windows-x86_64
Version: 1.1.4
Check: installed package size
Result: NOTE
installed size is 11.4Mb
sub-directories of 1Mb or more:
libs 11.2Mb
Flavors: r-release-macos-arm64, r-release-macos-x86_64, r-oldrel-macos-arm64, r-oldrel-macos-x86_64