Last updated on 2023-02-05 22:59:37 CET.
Flavor | Version | Tinstall | Tcheck | Ttotal | Status | Flags |
---|---|---|---|---|---|---|
r-devel-linux-x86_64-debian-clang | 0.1.5 | 887.88 | 479.95 | 1367.83 | NOTE | |
r-devel-linux-x86_64-debian-gcc | 0.1.5 | 848.43 | 403.61 | 1252.04 | NOTE | |
r-devel-linux-x86_64-fedora-clang | 0.1.5 | 1728.44 | NOTE | |||
r-devel-linux-x86_64-fedora-gcc | 0.1.5 | 2249.86 | NOTE | |||
r-devel-windows-x86_64 | 0.1.5 | 673.00 | 705.00 | 1378.00 | NOTE | |
r-patched-linux-x86_64 | 0.1.5 | 725.01 | 528.55 | 1253.56 | NOTE | |
r-release-linux-x86_64 | 0.1.5 | 728.13 | 499.35 | 1227.48 | NOTE | |
r-release-macos-arm64 | 0.1.5 | 488.00 | NOTE | |||
r-release-macos-x86_64 | 0.1.5 | 765.00 | NOTE | |||
r-release-windows-x86_64 | 0.1.5 | 692.00 | 698.00 | 1390.00 | NOTE | |
r-oldrel-macos-arm64 | 0.1.5 | 737.00 | NOTE | |||
r-oldrel-macos-x86_64 | 0.1.5 | 747.00 | NOTE | |||
r-oldrel-windows-ix86+x86_64 | 0.1.5 | 2100.00 | 936.00 | 3036.00 | NOTE |
Version: 0.1.5
Check: C++ specification
Result: NOTE
Specified C++14: please update to current default of C++17
Flavors: r-devel-linux-x86_64-debian-clang, r-devel-linux-x86_64-debian-gcc, r-devel-linux-x86_64-fedora-clang, r-devel-linux-x86_64-fedora-gcc, r-devel-windows-x86_64
Version: 0.1.5
Check: LazyData
Result: NOTE
'LazyData' is specified without a 'data' directory
Flavors: r-devel-linux-x86_64-debian-clang, r-devel-linux-x86_64-debian-gcc, r-devel-linux-x86_64-fedora-clang, r-devel-linux-x86_64-fedora-gcc, r-devel-windows-x86_64, r-patched-linux-x86_64, r-release-linux-x86_64, r-release-macos-arm64, r-release-macos-x86_64, r-release-windows-x86_64, r-oldrel-macos-arm64, r-oldrel-macos-x86_64, r-oldrel-windows-ix86+x86_64
Version: 0.1.5
Check: for GNU extensions in Makefiles
Result: NOTE
GNU make is a SystemRequirements.
Flavors: r-devel-linux-x86_64-debian-clang, r-devel-linux-x86_64-debian-gcc, r-devel-linux-x86_64-fedora-clang, r-devel-linux-x86_64-fedora-gcc, r-devel-windows-x86_64, r-patched-linux-x86_64, r-release-linux-x86_64, r-release-macos-arm64, r-release-macos-x86_64, r-release-windows-x86_64, r-oldrel-macos-arm64, r-oldrel-macos-x86_64, r-oldrel-windows-ix86+x86_64
Version: 0.1.5
Check: installed package size
Result: NOTE
installed size is 14.1Mb
sub-directories of 1Mb or more:
doc 3.8Mb
libs 9.1Mb
Flavors: r-devel-linux-x86_64-fedora-clang, r-devel-windows-x86_64, r-release-macos-arm64, r-release-macos-x86_64, r-release-windows-x86_64, r-oldrel-macos-arm64, r-oldrel-macos-x86_64, r-oldrel-windows-ix86+x86_64