Last updated on 2024-04-19 22:56:06 CEST.
Flavor | Version | Tinstall | Tcheck | Ttotal | Status | Flags |
---|---|---|---|---|---|---|
r-devel-linux-x86_64-debian-clang | 0.1.5 | 2.74 | 31.16 | 33.90 | OK | |
r-devel-linux-x86_64-debian-gcc | 0.1.5 | OK | ||||
r-devel-linux-x86_64-fedora-clang | 0.1.5 | 43.05 | NOTE | |||
r-devel-linux-x86_64-fedora-gcc | 0.1.5 | 41.62 | NOTE | |||
r-prerel-macos-arm64 | 0.1.5 | 20.00 | OK | |||
r-prerel-windows-x86_64 | 0.1.5 | 4.00 | 48.00 | 52.00 | OK | |
r-patched-linux-x86_64 | 0.1.5 | 3.45 | 30.08 | 33.53 | OK | |
r-release-linux-x86_64 | 0.1.5 | 2.61 | 29.25 | 31.86 | OK | |
r-release-macos-arm64 | 0.1.5 | 37.00 | OK | |||
r-release-macos-x86_64 | 0.1.5 | 25.00 | OK | |||
r-release-windows-x86_64 | 0.1.5 | 5.00 | 49.00 | 54.00 | OK | |
r-oldrel-macos-arm64 | 0.1.5 | 17.00 | NOTE | |||
r-oldrel-windows-x86_64 | 0.1.5 | 5.00 | 53.00 | 58.00 | OK |
Version: 0.1.5
Check: dependencies in R code
Result: NOTE
Namespace in Imports field not imported from: ‘tibble’
All declared Imports should be used.
Flavors: r-devel-linux-x86_64-fedora-clang, r-devel-linux-x86_64-fedora-gcc, r-oldrel-macos-arm64
Version: 0.1.5
Check: data for non-ASCII characters
Result: NOTE
Note: found 1 marked UTF-8 string
Flavors: r-devel-linux-x86_64-fedora-clang, r-devel-linux-x86_64-fedora-gcc, r-oldrel-macos-arm64