CRAN Package Check Results for Package troopdata

Last updated on 2023-01-29 23:03:24 CET.

Flavor Version Tinstall Tcheck Ttotal Status Flags
r-devel-linux-x86_64-debian-clang 0.1.5 2.72 30.61 33.33 OK
r-devel-linux-x86_64-debian-gcc 0.1.5 2.50 23.96 26.46 OK
r-devel-linux-x86_64-fedora-clang 0.1.5 43.28 NOTE
r-devel-linux-x86_64-fedora-gcc 0.1.5 42.82 NOTE
r-devel-windows-x86_64 0.1.5 28.00 71.00 99.00 OK
r-patched-linux-x86_64 0.1.5 3.41 30.52 33.93 OK
r-release-linux-x86_64 0.1.5 2.91 31.02 33.93 OK
r-release-macos-arm64 0.1.5 17.00 NOTE
r-release-macos-x86_64 0.1.5 31.00 NOTE
r-release-windows-x86_64 0.1.5 22.00 62.00 84.00 OK
r-oldrel-macos-arm64 0.1.5 20.00 NOTE
r-oldrel-macos-x86_64 0.1.5 23.00 NOTE
r-oldrel-windows-ix86+x86_64 0.1.5 9.00 69.00 78.00 OK

Check Details

Version: 0.1.5
Check: dependencies in R code
Result: NOTE
    Namespace in Imports field not imported from: ‘tibble’
     All declared Imports should be used.
Flavors: r-devel-linux-x86_64-fedora-clang, r-devel-linux-x86_64-fedora-gcc, r-release-macos-arm64, r-release-macos-x86_64, r-oldrel-macos-arm64, r-oldrel-macos-x86_64

Version: 0.1.5
Check: data for non-ASCII characters
Result: NOTE
     Note: found 1 marked UTF-8 string
Flavors: r-devel-linux-x86_64-fedora-clang, r-devel-linux-x86_64-fedora-gcc, r-release-macos-arm64, r-release-macos-x86_64, r-oldrel-macos-arm64, r-oldrel-macos-x86_64