Last updated on 2024-04-24 23:00:38 CEST.
Flavor | Version | Tinstall | Tcheck | Ttotal | Status | Flags |
---|---|---|---|---|---|---|
r-devel-linux-x86_64-debian-clang | 0.6 | 3.06 | 25.50 | 28.56 | NOTE | |
r-devel-linux-x86_64-debian-gcc | 0.6 | 2.73 | 20.19 | 22.92 | NOTE | |
r-devel-linux-x86_64-fedora-clang | 0.6 | 37.75 | NOTE | |||
r-devel-linux-x86_64-fedora-gcc | 0.6 | 35.55 | NOTE | |||
r-devel-windows-x86_64 | 0.6 | 3.00 | 44.00 | 47.00 | NOTE | |
r-patched-linux-x86_64 | 0.6 | 3.82 | 25.36 | 29.18 | NOTE | |
r-release-linux-x86_64 | 0.6 | 3.46 | 25.31 | 28.77 | NOTE | |
r-release-macos-arm64 | 0.6 | 16.00 | NOTE | |||
r-release-windows-x86_64 | 0.6 | 4.00 | 44.00 | 48.00 | NOTE | |
r-oldrel-macos-arm64 | 0.6 | 27.00 | NOTE | |||
r-oldrel-macos-x86_64 | 0.6 | 24.00 | NOTE | |||
r-oldrel-windows-x86_64 | 0.6 | 4.00 | 44.00 | 48.00 | NOTE |
Version: 0.6
Check: DESCRIPTION meta-information
Result: NOTE
Malformed Title field: should not end in a period.
Flavors: r-devel-linux-x86_64-debian-clang, r-devel-linux-x86_64-debian-gcc, r-devel-linux-x86_64-fedora-clang, r-devel-linux-x86_64-fedora-gcc, r-devel-windows-x86_64, r-patched-linux-x86_64, r-release-linux-x86_64, r-release-macos-arm64, r-release-windows-x86_64, r-oldrel-macos-arm64, r-oldrel-macos-x86_64, r-oldrel-windows-x86_64