Last updated on 2024-04-18 22:53:04 CEST.
Flavor | Version | Tinstall | Tcheck | Ttotal | Status | Flags |
---|---|---|---|---|---|---|
r-devel-linux-x86_64-debian-clang | 0.0.3 | 164.14 | 962.71 | 1126.85 | NOTE | |
r-devel-linux-x86_64-debian-gcc | 0.0.3 | 146.12 | 388.33 | 534.45 | NOTE | |
r-devel-linux-x86_64-fedora-clang | 0.0.3 | 1514.07 | NOTE | |||
r-devel-linux-x86_64-fedora-gcc | 0.0.3 | 901.82 | NOTE | |||
r-prerel-macos-arm64 | 0.0.3 | 203.00 | NOTE | |||
r-prerel-windows-x86_64 | 0.0.3 | 134.00 | 479.00 | 613.00 | NOTE | |
r-patched-linux-x86_64 | 0.0.3 | 137.02 | 517.10 | 654.12 | NOTE | |
r-release-linux-x86_64 | 0.0.3 | 136.82 | 529.21 | 666.03 | NOTE | |
r-release-macos-arm64 | 0.0.3 | 205.00 | NOTE | |||
r-release-macos-x86_64 | 0.0.3 | 465.00 | NOTE | |||
r-release-windows-x86_64 | 0.0.3 | 172.00 | 525.00 | 697.00 | NOTE | |
r-oldrel-macos-arm64 | 0.0.3 | 196.00 | NOTE | |||
r-oldrel-windows-x86_64 | 0.0.3 | 159.00 | 515.00 | 674.00 | NOTE |
Version: 0.0.3
Check: for GNU extensions in Makefiles
Result: NOTE
GNU make is a SystemRequirements.
Flavors: r-devel-linux-x86_64-debian-clang, r-devel-linux-x86_64-debian-gcc, r-devel-linux-x86_64-fedora-clang, r-devel-linux-x86_64-fedora-gcc, r-prerel-macos-arm64, r-prerel-windows-x86_64, r-patched-linux-x86_64, r-release-linux-x86_64, r-release-macos-arm64, r-release-macos-x86_64, r-release-windows-x86_64, r-oldrel-macos-arm64, r-oldrel-windows-x86_64
Version: 0.0.3
Check: installed package size
Result: NOTE
installed size is 40.7Mb
sub-directories of 1Mb or more:
libs 40.5Mb
Flavors: r-prerel-macos-arm64, r-release-macos-arm64, r-release-macos-x86_64, r-oldrel-macos-arm64