CRAN Package Check Results for Package trustOptim

Last updated on 2019-08-18 22:47:10 CEST.

Flavor Version Tinstall Tcheck Ttotal Status Flags
r-devel-linux-x86_64-debian-clang 0.8.6.2 42.81 75.50 118.31 OK
r-devel-linux-x86_64-debian-gcc 0.8.6.2 37.70 60.83 98.53 OK
r-devel-linux-x86_64-fedora-clang 0.8.6.2 154.67 NOTE
r-devel-linux-x86_64-fedora-gcc 0.8.6.2 159.11 OK
r-devel-windows-ix86+x86_64 0.8.6.2 103.00 210.00 313.00 OK
r-patched-linux-x86_64 0.8.6.2 41.36 74.56 115.92 OK
r-patched-solaris-x86 0.8.6.2 187.60 ERROR
r-release-linux-x86_64 0.8.6.2 42.04 74.99 117.03 OK
r-release-windows-ix86+x86_64 0.8.6.2 73.00 102.00 175.00 OK
r-release-osx-x86_64 0.8.6.2 NOTE
r-oldrel-windows-ix86+x86_64 0.8.6.2 86.00 146.00 232.00 OK
r-oldrel-osx-x86_64 0.8.6.2 NOTE

Check Details

Version: 0.8.6.2
Check: installed package size
Result: NOTE
     installed size is 8.0Mb
     sub-directories of 1Mb or more:
     libs 7.7Mb
Flavors: r-devel-linux-x86_64-fedora-clang, r-release-osx-x86_64, r-oldrel-osx-x86_64

Version: 0.8.6.2
Check: tests
Result: ERROR
     Running ‘testthat.R’
    Running the tests in ‘tests/testthat.R’ failed.
    Complete output:
     > library(testthat)
     > library(trustOptim)
     >
     > test_check("trustOptim")
     Beginning optimization
    
     Iteration has terminated
    
     iter f nrm_gr status
     50 0.000000 0.000000 Success
    
     Beginning optimization
    
     Iteration has terminated
    
     iter f nrm_gr status
     128 0.000000 0.000000 Success
    
     Beginning optimization
    
     Iteration has terminated
    
     iter f nrm_gr status
     287 0.000000 0.000000Radius of trust region is less than stop.trust.radius
    
     ── 1. Failure: Rosenbrock (@test_rosenbrock.R#67) ─────────────────────────────
     opt0\$status does not match "Success".
     Actual value: "Radius of trust region is less than stop\.trust\.radius"
    
     Beginning optimization
    
     Iteration has terminated
    
     iter f nrm_gr status
     65 0.000000 0.000000 Success
    
     ══ testthat results ═══════════════════════════════════════════════════════════
     [ OK: 15 | SKIPPED: 0 | WARNINGS: 0 | FAILED: 1 ]
     1. Failure: Rosenbrock (@test_rosenbrock.R#67)
    
     Error: testthat unit tests failed
     Execution halted
Flavor: r-patched-solaris-x86