CRAN Package Check Results for Package tseries

Last updated on 2017-11-22 22:58:02 CET.

Flavor Version Tinstall Tcheck Ttotal Status Flags
r-devel-linux-x86_64-debian-clang 0.10-42 3.24 31.82 35.06 OK
r-devel-linux-x86_64-debian-gcc 0.10-42 3.72 67.50 71.22 OK
r-devel-linux-x86_64-fedora-clang 0.10-42 50.01 OK
r-devel-linux-x86_64-fedora-gcc 0.10-42 68.45 OK
r-devel-windows-ix86+x86_64 0.10-42 17.00 79.00 96.00 ERROR
r-patched-linux-x86_64 0.10-42 3.32 36.78 40.10 OK
r-patched-solaris-x86 0.10-42 83.40 OK
r-release-linux-x86_64 0.10-42 3.37 35.87 39.24 OK
r-release-windows-ix86+x86_64 0.10-42 17.00 75.00 92.00 OK
r-release-osx-x86_64 0.10-42 OK
r-oldrel-windows-ix86+x86_64 0.10-42 17.00 72.00 89.00 OK
r-oldrel-osx-x86_64 0.10-42 OK

Check Details

Version: 0.10-42
Check: running examples for arch ‘x64’
Result: ERROR
    Running examples in 'tseries-Ex.R' failed
    The error most likely occurred in:
    
    > ### Name: get.hist.quote
    > ### Title: Download Historical Finance Data
    > ### Aliases: get.hist.quote
    > ### Keywords: ts
    >
    > ### ** Examples
    >
    > con <- url("https://finance.yahoo.com")
    > if(!inherits(try(open(con), silent = TRUE), "try-error")) {
    + close(con)
    + x <- get.hist.quote(instrument = "^gspc", start = "1998-01-01",
    + quote = "Close")
    + plot(x)
    +
    + x <- get.hist.quote(instrument = "ibm", quote = c("Cl", "Vol"))
    + plot(x, main = "International Business Machines Corp")
    +
    + spc <- get.hist.quote(instrument = "^gspc", start = "1998-01-01",
    + quote = "Close")
    + ibm <- get.hist.quote(instrument = "ibm", start = "1998-01-01",
    + quote = "Adj")
    + require("zoo") # For merge() method.
    + x <- merge(spc, ibm)
    + plot(x, main = "IBM vs S&P 500")
    + }
    'getSymbols' currently uses auto.assign=TRUE by default, but will
    use auto.assign=FALSE in 0.5-0. You will still be able to use
    'loadSymbols' to automatically load data. getOption("getSymbols.env")
    and getOption("getSymbols.auto.assign") will still be checked for
    alternate defaults.
    
    This message is shown once per session and may be disabled by setting
    options("getSymbols.warning4.0"=FALSE). See ?getSymbols for details.
    
    WARNING: There have been significant changes to Yahoo Finance data.
    Please see the Warning section of '?getSymbols.yahoo' for details.
    
    This message is shown once per session and may be disabled by setting
    options("getSymbols.yahoo.warning"=FALSE).
    Error in curl::curl_fetch_memory(query.srv, handle = h$ch) :
     Timeout was reached: Operation timed out after 10015 milliseconds with 0 out of 0 bytes received
    Calls: get.hist.quote ... getSymbols.yahoo -> .getHandle -> <Anonymous> -> .Call
    Execution halted
Flavor: r-devel-windows-ix86+x86_64