Last updated on 2023-09-26 23:04:28 CEST.
Flavor | Version | Tinstall | Tcheck | Ttotal | Status | Flags |
---|---|---|---|---|---|---|
r-devel-linux-x86_64-debian-clang | 0.1.0 | 13.07 | 86.23 | 99.30 | OK | |
r-devel-linux-x86_64-debian-gcc | 0.1.0 | 8.16 | 62.51 | 70.67 | OK | |
r-devel-linux-x86_64-fedora-clang | 0.1.0 | 117.57 | NOTE | |||
r-devel-linux-x86_64-fedora-gcc | 0.1.0 | 112.08 | NOTE | |||
r-devel-windows-x86_64 | 0.1.0 | 11.00 | 77.00 | 88.00 | OK | |
r-patched-linux-x86_64 | 0.1.0 | 6.93 | 78.64 | 85.57 | OK | |
r-release-linux-x86_64 | 0.1.0 | 7.42 | 79.81 | 87.23 | OK | |
r-release-macos-arm64 | 0.1.0 | 38.00 | OK | |||
r-release-macos-x86_64 | 0.1.0 | 58.00 | OK | |||
r-release-windows-x86_64 | 0.1.0 | 16.00 | 89.00 | 105.00 | OK | |
r-oldrel-macos-arm64 | 0.1.0 | 35.00 | NOTE | |||
r-oldrel-macos-x86_64 | 0.1.0 | 59.00 | NOTE | |||
r-oldrel-windows-x86_64 | 0.1.0 | 15.00 | 96.00 | 111.00 | OK |
Version: 0.1.0
Check: dependencies in R code
Result: NOTE
Namespaces in Imports field not imported from:
‘R6’ ‘crosstalk’
All declared Imports should be used.
Flavors: r-devel-linux-x86_64-fedora-clang, r-devel-linux-x86_64-fedora-gcc, r-oldrel-macos-arm64, r-oldrel-macos-x86_64