CRAN Package Check Results for Package tsmp

Last updated on 2021-04-11 22:47:27 CEST.

Flavor Version Tinstall Tcheck Ttotal Status Flags
r-devel-linux-x86_64-debian-clang 0.4.14 57.96 106.19 164.15 NOTE
r-devel-linux-x86_64-debian-gcc 0.4.14 39.17 78.91 118.08 NOTE
r-devel-linux-x86_64-fedora-clang 0.4.14 214.53 NOTE
r-devel-linux-x86_64-fedora-gcc 0.4.14 207.60 NOTE
r-devel-windows-ix86+x86_64 0.4.14 118.00 177.00 295.00 NOTE
r-devel-windows-x86_64-gcc10-UCRT 0.4.14 NOTE
r-patched-linux-x86_64 0.4.14 46.53 101.68 148.21 NOTE
r-patched-solaris-x86 0.4.14 220.40 NOTE
r-release-linux-x86_64 0.4.14 43.41 101.24 144.65 NOTE
r-release-macos-x86_64 0.4.14 NOTE
r-release-windows-ix86+x86_64 0.4.14 93.00 190.00 283.00 NOTE
r-oldrel-macos-x86_64 0.4.14 NOTE
r-oldrel-windows-ix86+x86_64 0.4.14 107.00 141.00 248.00 NOTE

Additional issues

clang-UBSAN

Check Details

Version: 0.4.14
Check: for GNU extensions in Makefiles
Result: NOTE
    GNU make is a SystemRequirements.
Flavors: r-devel-linux-x86_64-debian-clang, r-devel-linux-x86_64-debian-gcc, r-devel-linux-x86_64-fedora-clang, r-devel-linux-x86_64-fedora-gcc, r-devel-windows-ix86+x86_64, r-devel-windows-x86_64-gcc10-UCRT, r-patched-linux-x86_64, r-patched-solaris-x86, r-release-linux-x86_64, r-release-macos-x86_64, r-release-windows-ix86+x86_64, r-oldrel-macos-x86_64, r-oldrel-windows-ix86+x86_64

Version: 0.4.14
Check: installed package size
Result: NOTE
     installed size is 8.7Mb
     sub-directories of 1Mb or more:
     data 4.6Mb
     libs 2.7Mb
Flavors: r-devel-linux-x86_64-fedora-clang, r-devel-windows-ix86+x86_64, r-patched-solaris-x86, r-release-macos-x86_64, r-release-windows-ix86+x86_64, r-oldrel-macos-x86_64, r-oldrel-windows-ix86+x86_64