CRAN Package Check Results for Package tspmeta

Last updated on 2023-01-26 23:00:30 CET.

Flavor Version Tinstall Tcheck Ttotal Status Flags
r-devel-linux-x86_64-debian-clang 1.2 20.04 156.92 176.96 NOTE
r-devel-linux-x86_64-debian-gcc 1.2 14.62 115.07 129.69 NOTE
r-devel-linux-x86_64-fedora-clang 1.2 211.13 NOTE
r-devel-linux-x86_64-fedora-gcc 1.2 209.44 NOTE
r-patched-linux-x86_64 1.2 16.52 142.86 159.38 NOTE
r-release-linux-x86_64 1.2 17.66 146.71 164.37 NOTE
r-release-macos-arm64 1.2 52.00 NOTE
r-release-macos-x86_64 1.2 104.00 NOTE
r-release-windows-x86_64 1.2 55.00 167.00 222.00 NOTE
r-oldrel-macos-arm64 1.2 71.00 NOTE
r-oldrel-macos-x86_64 1.2 83.00 NOTE
r-oldrel-windows-ix86+x86_64 1.2 44.00 237.00 281.00 NOTE

Check Details

Version: 1.2
Check: LazyData
Result: NOTE
     'LazyData' is specified without a 'data' directory
Flavors: r-devel-linux-x86_64-debian-clang, r-devel-linux-x86_64-debian-gcc, r-devel-linux-x86_64-fedora-clang, r-devel-linux-x86_64-fedora-gcc, r-patched-linux-x86_64, r-release-linux-x86_64, r-release-macos-arm64, r-release-macos-x86_64, r-release-windows-x86_64, r-oldrel-macos-arm64, r-oldrel-macos-x86_64, r-oldrel-windows-ix86+x86_64

Version: 1.2
Check: compiled code
Result: NOTE
    File ‘tspmeta/libs/tspmeta.so’:
     Found no calls to: ‘R_registerRoutines’, ‘R_useDynamicSymbols’
    
    It is good practice to register native routines and to disable symbol
    search.
    
    See ‘Writing portable packages’ in the ‘Writing R Extensions’ manual.
Flavors: r-devel-linux-x86_64-fedora-clang, r-devel-linux-x86_64-fedora-gcc