CRAN Package Check Results for Package tspmeta

Last updated on 2019-06-24 23:00:18 CEST.

Flavor Version Tinstall Tcheck Ttotal Status Flags
r-devel-linux-x86_64-debian-clang 1.2 12.25 106.93 119.18 OK
r-devel-linux-x86_64-debian-gcc 1.2 11.32 83.64 94.96 OK
r-devel-linux-x86_64-fedora-clang 1.2 141.26 NOTE
r-devel-linux-x86_64-fedora-gcc 1.2 135.84 NOTE
r-devel-windows-ix86+x86_64 1.2 47.00 157.00 204.00 OK
r-patched-linux-x86_64 1.2 12.09 100.71 112.80 OK
r-patched-solaris-x86 1.2 217.20 OK
r-release-linux-x86_64 1.2 12.64 103.26 115.90 OK
r-release-windows-ix86+x86_64 1.2 31.00 213.00 244.00 OK
r-release-osx-x86_64 1.2 OK
r-oldrel-windows-ix86+x86_64 1.2 19.00 138.00 157.00 OK
r-oldrel-osx-x86_64 1.2 OK

Check Details

Version: 1.2
Check: compiled code
Result: NOTE
    File ‘tspmeta/libs/tspmeta.so’:
     Found no calls to: ‘R_registerRoutines’, ‘R_useDynamicSymbols’
    
    It is good practice to register native routines and to disable symbol
    search.
    
    See ‘Writing portable packages’ in the ‘Writing R Extensions’ manual.
Flavors: r-devel-linux-x86_64-fedora-clang, r-devel-linux-x86_64-fedora-gcc