Last updated on 2024-04-17 23:00:14 CEST.
Flavor | Version | Tinstall | Tcheck | Ttotal | Status | Flags |
---|---|---|---|---|---|---|
r-devel-linux-x86_64-debian-clang | 1.0.0 | 6.36 | 69.12 | 75.48 | NOTE | |
r-devel-linux-x86_64-debian-gcc | 1.0.0 | 6.46 | 50.25 | 56.71 | NOTE | |
r-devel-linux-x86_64-fedora-clang | 1.0.0 | 92.50 | NOTE | |||
r-devel-linux-x86_64-fedora-gcc | 1.0.0 | 88.01 | NOTE | |||
r-prerel-macos-arm64 | 1.0.0 | 33.00 | NOTE | |||
r-prerel-windows-x86_64 | 1.0.0 | 7.00 | 69.00 | 76.00 | NOTE | |
r-patched-linux-x86_64 | 1.0.0 | 5.15 | 63.51 | 68.66 | NOTE | |
r-release-linux-x86_64 | 1.0.0 | 9.42 | 67.73 | 77.15 | NOTE | |
r-release-macos-arm64 | 1.0.0 | 36.00 | NOTE | |||
r-release-macos-x86_64 | 1.0.0 | 48.00 | NOTE | |||
r-release-windows-x86_64 | 1.0.0 | 10.00 | 77.00 | 87.00 | NOTE | |
r-oldrel-macos-arm64 | 1.0.0 | 27.00 | NOTE | |||
r-oldrel-windows-x86_64 | 1.0.0 | 9.00 | 76.00 | 85.00 | NOTE |
Version: 1.0.0
Check: LazyData
Result: NOTE
'LazyData' is specified without a 'data' directory
Flavors: r-devel-linux-x86_64-debian-clang, r-devel-linux-x86_64-debian-gcc, r-devel-linux-x86_64-fedora-clang, r-devel-linux-x86_64-fedora-gcc, r-prerel-macos-arm64, r-prerel-windows-x86_64, r-patched-linux-x86_64, r-release-linux-x86_64, r-release-macos-arm64, r-release-macos-x86_64, r-release-windows-x86_64, r-oldrel-macos-arm64, r-oldrel-windows-x86_64