CRAN Package Check Results for Package tufterhandout

Last updated on 2019-08-23 22:50:12 CEST.

Flavor Version Tinstall Tcheck Ttotal Status Flags
r-devel-linux-x86_64-debian-clang 1.2.1 2.72 28.57 31.29 NOTE
r-devel-linux-x86_64-debian-gcc 1.2.1 NOTE
r-devel-linux-x86_64-fedora-clang 1.2.1 38.16 NOTE
r-devel-linux-x86_64-fedora-gcc 1.2.1 38.48 NOTE
r-devel-windows-ix86+x86_64 1.2.1 8.00 46.00 54.00 NOTE
r-patched-linux-x86_64 1.2.1 2.19 28.30 30.49 NOTE
r-patched-solaris-x86 1.2.1 59.90 NOTE
r-release-linux-x86_64 1.2.1 2.19 29.72 31.91 NOTE
r-release-windows-ix86+x86_64 1.2.1 10.00 177.00 187.00 NOTE
r-release-osx-x86_64 1.2.1 NOTE
r-oldrel-windows-ix86+x86_64 1.2.1 5.00 64.00 69.00 NOTE
r-oldrel-osx-x86_64 1.2.1 NOTE

Check Details

Version: 1.2.1
Check: DESCRIPTION meta-information
Result: NOTE
    Malformed Description field: should contain one or more complete sentences.
Flavors: r-devel-linux-x86_64-debian-clang, r-devel-linux-x86_64-debian-gcc, r-devel-linux-x86_64-fedora-clang, r-devel-linux-x86_64-fedora-gcc, r-devel-windows-ix86+x86_64, r-patched-linux-x86_64, r-patched-solaris-x86, r-release-linux-x86_64, r-release-windows-ix86+x86_64, r-release-osx-x86_64, r-oldrel-windows-ix86+x86_64, r-oldrel-osx-x86_64