Last updated on 2024-04-17 23:00:14 CEST.
Flavor | Version | Tinstall | Tcheck | Ttotal | Status | Flags |
---|---|---|---|---|---|---|
r-devel-linux-x86_64-debian-clang | 1.2.1 | 3.41 | 39.74 | 43.15 | NOTE | |
r-devel-linux-x86_64-debian-gcc | 1.2.1 | 2.46 | 29.96 | 32.42 | NOTE | |
r-devel-linux-x86_64-fedora-clang | 1.2.1 | 56.55 | NOTE | |||
r-devel-linux-x86_64-fedora-gcc | 1.2.1 | 63.26 | NOTE | |||
r-prerel-macos-arm64 | 1.2.1 | 29.00 | NOTE | |||
r-prerel-windows-x86_64 | 1.2.1 | 4.00 | 52.00 | 56.00 | NOTE | |
r-patched-linux-x86_64 | 1.2.1 | 2.88 | 37.65 | 40.53 | NOTE | |
r-release-linux-x86_64 | 1.2.1 | 3.01 | 35.55 | 38.56 | NOTE | |
r-release-macos-arm64 | 1.2.1 | 26.00 | NOTE | |||
r-release-macos-x86_64 | 1.2.1 | 39.00 | NOTE | |||
r-release-windows-x86_64 | 1.2.1 | 6.00 | 55.00 | 61.00 | NOTE | |
r-oldrel-macos-arm64 | 1.2.1 | 20.00 | NOTE | |||
r-oldrel-windows-x86_64 | 1.2.1 | 5.00 | 58.00 | 63.00 | NOTE |
Version: 1.2.1
Check: DESCRIPTION meta-information
Result: NOTE
Malformed Description field: should contain one or more complete sentences.
Flavors: r-devel-linux-x86_64-debian-clang, r-devel-linux-x86_64-debian-gcc, r-devel-linux-x86_64-fedora-clang, r-devel-linux-x86_64-fedora-gcc, r-prerel-macos-arm64, r-prerel-windows-x86_64, r-patched-linux-x86_64, r-release-linux-x86_64, r-release-macos-arm64, r-release-macos-x86_64, r-release-windows-x86_64, r-oldrel-macos-arm64, r-oldrel-windows-x86_64