CRAN Package Check Results for Package tufterhandout

Last updated on 2020-01-18 22:48:48 CET.

Flavor Version Tinstall Tcheck Ttotal Status Flags
r-devel-linux-x86_64-debian-clang 1.2.1 2.91 32.36 35.27 NOTE
r-devel-linux-x86_64-debian-gcc 1.2.1 2.25 25.65 27.90 NOTE
r-devel-linux-x86_64-fedora-clang 1.2.1 43.78 NOTE
r-devel-linux-x86_64-fedora-gcc 1.2.1 42.24 NOTE
r-devel-windows-ix86+x86_64 1.2.1 13.00 74.00 87.00 NOTE
r-devel-windows-ix86+x86_64-gcc8 1.2.1 8.00 68.00 76.00 NOTE
r-patched-linux-x86_64 1.2.1 2.39 29.58 31.97 NOTE
r-patched-solaris-x86 1.2.1 61.30 NOTE
r-release-linux-x86_64 1.2.1 2.35 29.33 31.68 NOTE
r-release-windows-ix86+x86_64 1.2.1 10.00 45.00 55.00 NOTE
r-release-osx-x86_64 1.2.1 NOTE
r-oldrel-windows-ix86+x86_64 1.2.1 6.00 44.00 50.00 NOTE
r-oldrel-osx-x86_64 1.2.1 NOTE

Check Details

Version: 1.2.1
Check: DESCRIPTION meta-information
Result: NOTE
    Malformed Description field: should contain one or more complete sentences.
Flavors: r-devel-linux-x86_64-debian-clang, r-devel-linux-x86_64-debian-gcc, r-devel-linux-x86_64-fedora-clang, r-devel-linux-x86_64-fedora-gcc, r-devel-windows-ix86+x86_64, r-devel-windows-ix86+x86_64-gcc8, r-patched-linux-x86_64, r-patched-solaris-x86, r-release-linux-x86_64, r-release-windows-ix86+x86_64, r-release-osx-x86_64, r-oldrel-windows-ix86+x86_64, r-oldrel-osx-x86_64