Last updated on 2024-04-19 22:56:07 CEST.
Flavor | Version | Tinstall | Tcheck | Ttotal | Status | Flags |
---|---|---|---|---|---|---|
r-devel-linux-x86_64-debian-clang | 0.3.2 | 65.95 | 89.58 | 155.53 | NOTE | |
r-devel-linux-x86_64-debian-gcc | 0.3.2 | NOTE | ||||
r-devel-linux-x86_64-fedora-clang | 0.3.2 | 217.95 | NOTE | |||
r-devel-linux-x86_64-fedora-gcc | 0.3.2 | 215.78 | NOTE | |||
r-prerel-macos-arm64 | 0.3.2 | 55.00 | NOTE | |||
r-prerel-windows-x86_64 | 0.3.2 | 49.00 | 117.00 | 166.00 | NOTE | |
r-patched-linux-x86_64 | 0.3.2 | 64.53 | 85.66 | 150.19 | NOTE | |
r-release-linux-x86_64 | 0.3.2 | 65.56 | 85.36 | 150.92 | NOTE | |
r-release-macos-arm64 | 0.3.2 | 62.00 | NOTE | |||
r-release-macos-x86_64 | 0.3.2 | 102.00 | NOTE | |||
r-release-windows-x86_64 | 0.3.2 | 65.00 | 132.00 | 197.00 | NOTE | |
r-oldrel-macos-arm64 | 0.3.2 | 59.00 | OK | |||
r-oldrel-windows-x86_64 | 0.3.2 | 65.00 | 127.00 | 192.00 | OK |
Version: 0.3.2
Check: C++ specification
Result: NOTE
Specified C++11: please drop specification unless essential
Flavors: r-devel-linux-x86_64-debian-clang, r-devel-linux-x86_64-debian-gcc, r-devel-linux-x86_64-fedora-clang, r-devel-linux-x86_64-fedora-gcc, r-prerel-macos-arm64, r-prerel-windows-x86_64, r-patched-linux-x86_64, r-release-linux-x86_64, r-release-macos-arm64, r-release-macos-x86_64, r-release-windows-x86_64