Last updated on 2023-12-06 23:12:18 CET.
Flavor | Version | Tinstall | Tcheck | Ttotal | Status | Flags |
---|---|---|---|---|---|---|
r-devel-linux-x86_64-debian-clang | 1.0 | 21.71 | 28.88 | 50.59 | NOTE | |
r-devel-linux-x86_64-debian-gcc | 1.0 | 14.92 | 22.71 | 37.63 | NOTE | |
r-devel-linux-x86_64-fedora-clang | 1.0 | 72.21 | NOTE | |||
r-devel-linux-x86_64-fedora-gcc | 1.0 | 66.12 | NOTE | |||
r-devel-windows-x86_64 | 1.0 | 17.00 | 72.00 | 89.00 | NOTE | |
r-patched-linux-x86_64 | 1.0 | 17.54 | 28.30 | 45.84 | NOTE | |
r-release-linux-x86_64 | 1.0 | 19.38 | 28.44 | 47.82 | NOTE | |
r-release-macos-arm64 | 1.0 | 25.00 | NOTE | |||
r-release-macos-x86_64 | 1.0 | 37.00 | NOTE | |||
r-release-windows-x86_64 | 1.0 | 19.00 | 73.00 | 92.00 | NOTE | |
r-oldrel-macos-arm64 | 1.0 | 25.00 | OK | |||
r-oldrel-macos-x86_64 | 1.0 | 30.00 | OK | |||
r-oldrel-windows-x86_64 | 1.0 | 23.00 | 62.00 | 85.00 | OK |
Version: 1.0
Check: C++ specification
Result: NOTE
Specified C++11: please drop specification unless essential
Flavors: r-devel-linux-x86_64-debian-clang, r-devel-linux-x86_64-debian-gcc, r-devel-linux-x86_64-fedora-clang, r-devel-linux-x86_64-fedora-gcc, r-devel-windows-x86_64, r-patched-linux-x86_64, r-release-linux-x86_64, r-release-macos-arm64, r-release-macos-x86_64, r-release-windows-x86_64