Last updated on 2024-03-28 23:02:01 CET.
Flavor | Version | Tinstall | Tcheck | Ttotal | Status | Flags |
---|---|---|---|---|---|---|
r-devel-linux-x86_64-debian-clang | 1.1.9 | 7.02 | 45.52 | 52.54 | NOTE | |
r-devel-linux-x86_64-debian-gcc | 1.1.9 | 6.45 | 34.95 | 41.40 | NOTE | |
r-devel-linux-x86_64-fedora-clang | 1.1.9 | 71.47 | NOTE | |||
r-devel-linux-x86_64-fedora-gcc | 1.1.9 | 66.39 | NOTE | |||
r-devel-windows-x86_64 | 1.1.9 | 8.00 | 57.00 | 65.00 | NOTE | |
r-patched-linux-x86_64 | 1.1.9 | 13.49 | 45.12 | 58.61 | NOTE | |
r-release-linux-x86_64 | 1.1.9 | 8.35 | 43.85 | 52.20 | NOTE | |
r-release-macos-arm64 | 1.1.9 | 29.00 | NOTE | |||
r-release-macos-x86_64 | 1.1.9 | 36.00 | NOTE | |||
r-release-windows-x86_64 | 1.1.9 | 11.00 | 64.00 | 75.00 | NOTE | |
r-oldrel-macos-arm64 | 1.1.9 | 19.00 | NOTE | |||
r-oldrel-windows-x86_64 | 1.1.9 | 13.00 | 68.00 | 81.00 | NOTE |
Version: 1.1.9
Check: LazyData
Result: NOTE
'LazyData' is specified without a 'data' directory
Flavors: r-devel-linux-x86_64-debian-clang, r-devel-linux-x86_64-debian-gcc, r-devel-linux-x86_64-fedora-clang, r-devel-linux-x86_64-fedora-gcc, r-devel-windows-x86_64, r-patched-linux-x86_64, r-release-linux-x86_64, r-release-macos-arm64, r-release-macos-x86_64, r-release-windows-x86_64, r-oldrel-macos-arm64, r-oldrel-windows-x86_64