CRAN Package Check Results for Package ubms

Last updated on 2023-02-07 23:08:05 CET.

Flavor Version Tinstall Tcheck Ttotal Status Flags
r-devel-linux-x86_64-debian-clang 1.2.2 499.04 249.90 748.94 NOTE
r-devel-linux-x86_64-debian-gcc 1.2.2 430.38 205.34 635.72 NOTE
r-devel-linux-x86_64-fedora-clang 1.2.2 922.36 NOTE
r-devel-linux-x86_64-fedora-gcc 1.2.2 1157.94 NOTE
r-devel-windows-x86_64 1.2.2 403.00 342.00 745.00 NOTE
r-patched-linux-x86_64 1.2.2 454.58 251.05 705.63 NOTE
r-release-linux-x86_64 1.2.2 425.98 255.84 681.82 NOTE
r-release-macos-arm64 1.2.2 289.00 NOTE
r-release-macos-x86_64 1.2.2 331.00 NOTE
r-release-windows-x86_64 1.2.2 415.00 358.00 773.00 NOTE
r-oldrel-macos-arm64 1.2.2 277.00 NOTE
r-oldrel-macos-x86_64 1.2.2 330.00 NOTE
r-oldrel-windows-ix86+x86_64 1.2.2 680.00 408.00 1088.00 NOTE

Check Details

Version: 1.2.2
Check: C++ specification
Result: NOTE
     Specified C++14: please update to current default of C++17
Flavors: r-devel-linux-x86_64-debian-clang, r-devel-linux-x86_64-debian-gcc, r-devel-windows-x86_64

Version: 1.2.2
Check: for GNU extensions in Makefiles
Result: NOTE
    GNU make is a SystemRequirements.
Flavors: r-devel-linux-x86_64-debian-clang, r-devel-linux-x86_64-debian-gcc, r-devel-linux-x86_64-fedora-clang, r-devel-linux-x86_64-fedora-gcc, r-devel-windows-x86_64, r-patched-linux-x86_64, r-release-linux-x86_64, r-release-macos-arm64, r-release-macos-x86_64, r-release-windows-x86_64, r-oldrel-macos-arm64, r-oldrel-macos-x86_64, r-oldrel-windows-ix86+x86_64

Version: 1.2.2
Check: C++ specification
Result: NOTE
     Specified C++14: please drop specification unless essential
Flavors: r-devel-linux-x86_64-fedora-clang, r-devel-linux-x86_64-fedora-gcc

Version: 1.2.2
Check: installed package size
Result: NOTE
     installed size is 7.9Mb
     sub-directories of 1Mb or more:
     R 1.4Mb
     doc 1.0Mb
     libs 5.2Mb
Flavors: r-devel-linux-x86_64-fedora-clang, r-devel-windows-x86_64, r-release-macos-arm64, r-release-macos-x86_64, r-release-windows-x86_64, r-oldrel-macos-arm64, r-oldrel-macos-x86_64, r-oldrel-windows-ix86+x86_64