Last updated on 2023-10-02 22:08:14 CEST.
Flavor | Version | Tinstall | Tcheck | Ttotal | Status | Flags |
---|---|---|---|---|---|---|
r-devel-linux-x86_64-debian-clang | 1.2.6 | 765.27 | 386.91 | 1152.18 | NOTE | |
r-devel-linux-x86_64-debian-gcc | 1.2.6 | 601.69 | 307.54 | 909.23 | NOTE | |
r-devel-linux-x86_64-fedora-clang | 1.2.6 | 1434.63 | NOTE | |||
r-devel-linux-x86_64-fedora-gcc | 1.2.6 | 1740.19 | NOTE | |||
r-devel-windows-x86_64 | 1.2.6 | 492.00 | 338.00 | 830.00 | NOTE | |
r-patched-linux-x86_64 | 1.2.6 | 667.77 | 390.80 | 1058.57 | NOTE | |
r-release-linux-x86_64 | 1.2.6 | 714.68 | 393.29 | 1107.97 | NOTE | |
r-release-macos-arm64 | 1.2.6 | 535.00 | NOTE | |||
r-release-macos-x86_64 | 1.2.6 | 546.00 | NOTE | |||
r-release-windows-x86_64 | 1.2.6 | 540.00 | 433.00 | 973.00 | NOTE | |
r-oldrel-macos-arm64 | 1.2.6 | 424.00 | NOTE | |||
r-oldrel-macos-x86_64 | 1.2.6 | 558.00 | NOTE | |||
r-oldrel-windows-x86_64 | 1.2.6 | 471.00 | 409.00 | 880.00 | NOTE |
Version: 1.2.6
Check: for GNU extensions in Makefiles
Result: NOTE
GNU make is a SystemRequirements.
Flavors: r-devel-linux-x86_64-debian-clang, r-devel-linux-x86_64-debian-gcc, r-devel-linux-x86_64-fedora-clang, r-devel-linux-x86_64-fedora-gcc, r-devel-windows-x86_64, r-patched-linux-x86_64, r-release-linux-x86_64, r-release-macos-arm64, r-release-macos-x86_64, r-release-windows-x86_64, r-oldrel-macos-arm64, r-oldrel-macos-x86_64, r-oldrel-windows-x86_64
Version: 1.2.6
Check: installed package size
Result: NOTE
installed size is 8.1Mb
sub-directories of 1Mb or more:
R 1.4Mb
doc 1.0Mb
libs 5.4Mb
Flavors: r-devel-linux-x86_64-fedora-clang, r-devel-windows-x86_64, r-release-macos-arm64, r-release-macos-x86_64, r-release-windows-x86_64, r-oldrel-macos-arm64, r-oldrel-macos-x86_64, r-oldrel-windows-x86_64