Last updated on 2023-06-09 22:58:42 CEST.
Flavor | Version | Tinstall | Tcheck | Ttotal | Status | Flags |
---|---|---|---|---|---|---|
r-devel-linux-x86_64-debian-clang | 1.1.1 | 8.63 | 25.46 | 34.09 | NOTE | |
r-devel-linux-x86_64-debian-gcc | 1.1.1 | 6.24 | 20.33 | 26.57 | NOTE | |
r-devel-linux-x86_64-fedora-clang | 1.1.1 | 46.76 | NOTE | |||
r-devel-linux-x86_64-fedora-gcc | 1.1.1 | 57.42 | NOTE | |||
r-devel-windows-x86_64 | 1.1.1 | 19.00 | 66.00 | 85.00 | NOTE | |
r-patched-linux-x86_64 | 1.1.1 | 6.47 | 24.75 | 31.22 | NOTE | |
r-release-linux-x86_64 | 1.1.1 | 6.49 | 25.20 | 31.69 | NOTE | |
r-release-macos-arm64 | 1.1.1 | 29.00 | NOTE | |||
r-release-macos-x86_64 | 1.1.1 | 44.00 | NOTE | |||
r-release-windows-x86_64 | 1.1.1 | 17.00 | 65.00 | 82.00 | NOTE | |
r-oldrel-macos-arm64 | 1.1.1 | 24.00 | NOTE | |||
r-oldrel-macos-x86_64 | 1.1.1 | 30.00 | NOTE | |||
r-oldrel-windows-x86_64 | 1.1.1 | 21.00 | 64.00 | 85.00 | NOTE |
Version: 1.1.1
Check: C++ specification
Result: NOTE
Specified C++11: please drop specification unless essential
Flavors: r-devel-linux-x86_64-debian-clang, r-devel-linux-x86_64-debian-gcc, r-devel-linux-x86_64-fedora-clang, r-devel-linux-x86_64-fedora-gcc, r-devel-windows-x86_64, r-patched-linux-x86_64, r-release-linux-x86_64, r-release-macos-arm64, r-release-macos-x86_64, r-release-windows-x86_64
Version: 1.1.1
Check: for GNU extensions in Makefiles
Result: NOTE
GNU make is a SystemRequirements.
Flavors: r-devel-linux-x86_64-debian-clang, r-devel-linux-x86_64-debian-gcc, r-devel-linux-x86_64-fedora-clang, r-devel-linux-x86_64-fedora-gcc, r-devel-windows-x86_64, r-patched-linux-x86_64, r-release-linux-x86_64, r-release-macos-arm64, r-release-macos-x86_64, r-release-windows-x86_64, r-oldrel-macos-arm64, r-oldrel-macos-x86_64, r-oldrel-windows-x86_64