CRAN Package Check Results for Package ufs

Last updated on 2019-07-15 22:55:25 CEST.

Flavor Version Tinstall Tcheck Ttotal Status Flags
r-devel-linux-x86_64-debian-clang 0.2.0 11.02 68.24 79.26 OK
r-devel-linux-x86_64-debian-gcc 0.2.0 8.34 52.02 60.36 OK
r-devel-linux-x86_64-fedora-clang 0.2.0 90.75 NOTE
r-devel-linux-x86_64-fedora-gcc 0.2.0 88.45 NOTE
r-devel-windows-ix86+x86_64 0.2.0 23.00 85.00 108.00 OK
r-patched-linux-x86_64 0.2.0 8.96 67.59 76.55 OK
r-patched-solaris-x86 0.2.0 120.10 NOTE
r-release-linux-x86_64 0.2.0 8.79 67.07 75.86 OK
r-release-windows-ix86+x86_64 0.2.0 16.00 115.00 131.00 OK
r-release-osx-x86_64 0.2.0 NOTE
r-oldrel-windows-ix86+x86_64 0.2.0 18.00 108.00 126.00 OK
r-oldrel-osx-x86_64 0.2.0 NOTE

Check Details

Version: 0.2.0
Check: dependencies in R code
Result: NOTE
    Namespace in Imports field not imported from: ‘viridis’
     All declared Imports should be used.
Flavors: r-devel-linux-x86_64-fedora-clang, r-devel-linux-x86_64-fedora-gcc, r-patched-solaris-x86, r-release-osx-x86_64, r-oldrel-osx-x86_64