Last updated on 2024-03-28 23:02:01 CET.
Flavor | Version | Tinstall | Tcheck | Ttotal | Status | Flags |
---|---|---|---|---|---|---|
r-devel-linux-x86_64-debian-clang | 4.19.0 | 37.55 | 1038.02 | 1075.57 | OK | |
r-devel-linux-x86_64-debian-gcc | 4.19.0 | 33.07 | 776.47 | 809.54 | OK | |
r-devel-linux-x86_64-fedora-clang | 4.19.0 | 737.83 | NOTE | |||
r-devel-linux-x86_64-fedora-gcc | 4.19.0 | 1353.24 | NOTE | |||
r-devel-windows-x86_64 | 4.19.0 | 39.00 | 826.00 | 865.00 | NOTE | |
r-patched-linux-x86_64 | 4.19.0 | 58.90 | 1015.50 | 1074.40 | OK | |
r-release-linux-x86_64 | 4.19.0 | 28.77 | 1010.60 | 1039.37 | OK | |
r-release-macos-arm64 | 4.19.0 | 292.00 | NOTE | |||
r-release-macos-x86_64 | 4.19.0 | 985.00 | NOTE | |||
r-release-windows-x86_64 | 4.19.0 | 53.00 | 1047.00 | 1100.00 | NOTE | |
r-oldrel-macos-arm64 | 4.19.0 | 303.00 | NOTE | |||
r-oldrel-windows-x86_64 | 4.19.0 | 55.00 | 939.00 | 994.00 | NOTE |
Version: 4.19.0
Check: package dependencies
Result: NOTE
Imports includes 25 non-default packages.
Importing from so many packages makes the package vulnerable to any of
them becoming unavailable. Move as many as possible to Suggests and
use conditionally.
Flavor: r-devel-linux-x86_64-fedora-clang
Version: 4.19.0
Check: installed package size
Result: NOTE
installed size is 6.0Mb
sub-directories of 1Mb or more:
R 1.0Mb
help 4.4Mb
Flavors: r-devel-linux-x86_64-fedora-clang, r-devel-windows-x86_64, r-release-macos-arm64, r-release-macos-x86_64, r-release-windows-x86_64, r-oldrel-macos-arm64, r-oldrel-windows-x86_64
Version: 4.19.0
Check: dependencies in R code
Result: NOTE
Namespaces in Imports field not imported from:
‘foreign’ ‘psychTools’ ‘pwr’ ‘rmarkdown’
All declared Imports should be used.
Flavors: r-devel-linux-x86_64-fedora-clang, r-devel-linux-x86_64-fedora-gcc