Last updated on 2024-04-23 22:55:40 CEST.
Flavor | Version | Tinstall | Tcheck | Ttotal | Status | Flags |
---|---|---|---|---|---|---|
r-devel-linux-x86_64-debian-clang | 1.1.0 | 3.41 | 26.91 | 30.32 | OK | |
r-devel-linux-x86_64-debian-gcc | 1.1.0 | 2.11 | 20.33 | 22.44 | OK | |
r-devel-linux-x86_64-fedora-clang | 1.1.0 | 37.08 | NOTE | |||
r-devel-linux-x86_64-fedora-gcc | 1.1.0 | 34.94 | OK | |||
r-prerel-macos-arm64 | 1.1.0 | 16.00 | OK | |||
r-prerel-windows-x86_64 | 1.1.0 | 3.00 | 41.00 | 44.00 | OK | |
r-patched-linux-x86_64 | 1.1.0 | 3.40 | 25.62 | 29.02 | OK | |
r-release-linux-x86_64 | 1.1.0 | 3.07 | 25.18 | 28.25 | OK | |
r-release-macos-arm64 | 1.1.0 | 17.00 | OK | |||
r-release-macos-x86_64 | 1.1.0 | 23.00 | OK | |||
r-release-windows-x86_64 | 1.1.0 | 4.00 | 42.00 | 46.00 | OK | |
r-oldrel-macos-arm64 | 1.1.0 | 17.00 | OK | |||
r-oldrel-windows-x86_64 | 1.1.0 | 4.00 | 46.00 | 50.00 | OK |
Version: 1.1.0
Check: Rd cross-references
Result: NOTE
Undeclared package ‘mirt’ in Rd xrefs
Flavor: r-devel-linux-x86_64-fedora-clang