Last updated on 2023-01-28 22:55:30 CET.
Flavor | Version | Tinstall | Tcheck | Ttotal | Status | Flags |
---|---|---|---|---|---|---|
r-devel-linux-x86_64-debian-clang | 0.2.0 | 10.50 | 68.84 | 79.34 | OK | |
r-devel-linux-x86_64-debian-gcc | 0.2.0 | 6.86 | 50.14 | 57.00 | OK | |
r-devel-linux-x86_64-fedora-clang | 0.2.0 | 96.57 | NOTE | |||
r-devel-linux-x86_64-fedora-gcc | 0.2.0 | 93.14 | NOTE | |||
r-patched-linux-x86_64 | 0.2.0 | 15.92 | 63.84 | 79.76 | OK | |
r-release-linux-x86_64 | 0.2.0 | 6.66 | 64.74 | 71.40 | OK | |
r-release-macos-arm64 | 0.2.0 | 31.00 | NOTE | |||
r-release-macos-x86_64 | 0.2.0 | 41.00 | NOTE | |||
r-release-windows-x86_64 | 0.2.0 | 30.00 | 94.00 | 124.00 | OK | |
r-oldrel-macos-arm64 | 0.2.0 | 30.00 | NOTE | |||
r-oldrel-macos-x86_64 | 0.2.0 | 44.00 | NOTE | |||
r-oldrel-windows-ix86+x86_64 | 0.2.0 | 21.00 | 91.00 | 112.00 | OK |
Version: 0.2.0
Check: data for non-ASCII characters
Result: NOTE
Note: found 3347 marked UTF-8 strings
Flavors: r-devel-linux-x86_64-fedora-clang, r-devel-linux-x86_64-fedora-gcc, r-release-macos-arm64, r-release-macos-x86_64, r-oldrel-macos-arm64, r-oldrel-macos-x86_64