CRAN Package Check Results for Package updog

Last updated on 2020-01-17 22:51:08 CET.

Flavor Version Tinstall Tcheck Ttotal Status Flags
r-devel-linux-x86_64-debian-clang 1.1.3 153.17 106.52 259.69 NOTE
r-devel-linux-x86_64-debian-gcc 1.1.3 108.23 76.12 184.35 NOTE
r-devel-linux-x86_64-fedora-clang 1.1.3 366.73 NOTE
r-devel-linux-x86_64-fedora-gcc 1.1.3 358.83 NOTE
r-devel-windows-ix86+x86_64 1.1.3 382.00 276.00 658.00 OK
r-devel-windows-ix86+x86_64-gcc8 1.1.3 327.00 280.00 607.00 OK
r-patched-linux-x86_64 1.1.3 121.18 100.26 221.44 OK
r-patched-solaris-x86 1.1.3 389.60 OK
r-release-linux-x86_64 1.1.3 116.78 100.20 216.98 OK
r-release-windows-ix86+x86_64 1.1.3 405.00 193.00 598.00 OK
r-release-osx-x86_64 1.1.3 NOTE
r-oldrel-windows-ix86+x86_64 1.1.3 383.00 231.00 614.00 OK
r-oldrel-osx-x86_64 1.1.3 OK

Check Details

Version: 1.1.3
Check: package dependencies
Result: NOTE
    Package suggested but not available for checking: 'CVXR'
Flavors: r-devel-linux-x86_64-debian-clang, r-devel-linux-x86_64-debian-gcc, r-devel-linux-x86_64-fedora-clang, r-devel-linux-x86_64-fedora-gcc

Version: 1.1.3
Check: installed package size
Result: NOTE
     installed size is 5.9Mb
     sub-directories of 1Mb or more:
     libs 4.9Mb
Flavors: r-devel-linux-x86_64-fedora-clang, r-release-osx-x86_64