CRAN Package Check Results for Package updog

Last updated on 2019-08-25 22:47:16 CEST.

Flavor Version Tinstall Tcheck Ttotal Status Flags
r-devel-linux-x86_64-debian-clang 1.1.0 126.32 111.49 237.81 OK
r-devel-linux-x86_64-debian-gcc 1.1.0 105.72 82.65 188.37 OK
r-devel-linux-x86_64-fedora-clang 1.1.0 339.62 NOTE
r-devel-linux-x86_64-fedora-gcc 1.1.0 341.95 OK
r-devel-windows-ix86+x86_64 1.1.0 385.00 269.00 654.00 OK
r-patched-linux-x86_64 1.1.0 120.68 107.86 228.54 OK
r-patched-solaris-x86 1.1.0 390.50 OK
r-release-linux-x86_64 1.1.0 118.86 107.16 226.02 OK
r-release-windows-ix86+x86_64 1.1.0 396.00 304.00 700.00 OK
r-release-osx-x86_64 1.1.0 NOTE
r-oldrel-windows-ix86+x86_64 1.1.0 372.00 260.00 632.00 OK
r-oldrel-osx-x86_64 1.1.0 OK

Check Details

Version: 1.1.0
Check: installed package size
Result: NOTE
     installed size is 5.9Mb
     sub-directories of 1Mb or more:
     libs 4.9Mb
Flavors: r-devel-linux-x86_64-fedora-clang, r-release-osx-x86_64