Last updated on 2021-04-16 22:51:16 CEST.
Flavor | Version | Tinstall | Tcheck | Ttotal | Status | Flags |
---|---|---|---|---|---|---|
r-devel-linux-x86_64-debian-clang | 0.1.0 | 13.28 | 116.87 | 130.15 | NOTE | |
r-devel-linux-x86_64-debian-gcc | 0.1.0 | 10.79 | 87.99 | 98.78 | NOTE | |
r-devel-linux-x86_64-fedora-clang | 0.1.0 | 166.97 | NOTE | |||
r-devel-linux-x86_64-fedora-gcc | 0.1.0 | 150.27 | NOTE | |||
r-devel-windows-ix86+x86_64 | 0.1.0 | 33.00 | 120.00 | 153.00 | NOTE | |
r-devel-windows-x86_64-gcc10-UCRT | 0.1.0 | NOTE | ||||
r-patched-linux-x86_64 | 0.1.0 | 14.31 | 108.16 | 122.47 | OK | |
r-patched-solaris-x86 | 0.1.0 | 220.30 | NOTE | |||
r-release-linux-x86_64 | 0.1.0 | 13.95 | 108.00 | 121.95 | OK | |
r-release-macos-x86_64 | 0.1.0 | NOTE | ||||
r-release-windows-ix86+x86_64 | 0.1.0 | 34.00 | 145.00 | 179.00 | OK | |
r-oldrel-macos-x86_64 | 0.1.0 | NOTE | ||||
r-oldrel-windows-ix86+x86_64 | 0.1.0 | 22.00 | 133.00 | 155.00 | OK |
Version: 0.1.0
Check: LazyData
Result: NOTE
'LazyData' is specified without a 'data' directory
Flavors: r-devel-linux-x86_64-debian-clang, r-devel-linux-x86_64-debian-gcc, r-devel-linux-x86_64-fedora-clang, r-devel-linux-x86_64-fedora-gcc, r-devel-windows-ix86+x86_64, r-devel-windows-x86_64-gcc10-UCRT
Version: 0.1.0
Check: dependencies in R code
Result: NOTE
Namespace in Imports field not imported from: ‘cli’
All declared Imports should be used.
Flavors: r-devel-linux-x86_64-fedora-clang, r-devel-linux-x86_64-fedora-gcc, r-devel-windows-x86_64-gcc10-UCRT, r-patched-solaris-x86, r-release-macos-x86_64, r-oldrel-macos-x86_64