Last updated on 2021-04-16 22:51:16 CEST.
Flavor | Version | Tinstall | Tcheck | Ttotal | Status | Flags |
---|---|---|---|---|---|---|
r-devel-linux-x86_64-debian-clang | 0.5.2 | 3.63 | 69.87 | 73.50 | OK | |
r-devel-linux-x86_64-debian-gcc | 0.5.2 | 2.67 | 52.69 | 55.36 | OK | |
r-devel-linux-x86_64-fedora-clang | 0.5.2 | 94.29 | NOTE | |||
r-devel-linux-x86_64-fedora-gcc | 0.5.2 | 86.50 | NOTE | |||
r-devel-windows-ix86+x86_64 | 0.5.2 | 8.00 | 84.00 | 92.00 | NOTE | |
r-devel-windows-x86_64-gcc10-UCRT | 0.5.2 | NOTE | ||||
r-patched-linux-x86_64 | 0.5.2 | 3.57 | 65.47 | 69.04 | OK | |
r-patched-solaris-x86 | 0.5.2 | 132.80 | NOTE | |||
r-release-linux-x86_64 | 0.5.2 | 3.19 | 64.83 | 68.02 | OK | |
r-release-macos-x86_64 | 0.5.2 | NOTE | ||||
r-release-windows-ix86+x86_64 | 0.5.2 | 6.00 | 101.00 | 107.00 | NOTE | |
r-oldrel-macos-x86_64 | 0.5.2 | NOTE | ||||
r-oldrel-windows-ix86+x86_64 | 0.5.2 | 5.00 | 97.00 | 102.00 | NOTE |
Version: 0.5.2
Check: installed package size
Result: NOTE
installed size is 8.4Mb
sub-directories of 1Mb or more:
doc 1.7Mb
extdata 6.4Mb
Flavors: r-devel-linux-x86_64-fedora-clang, r-devel-windows-ix86+x86_64, r-patched-solaris-x86, r-release-macos-x86_64, r-release-windows-ix86+x86_64, r-oldrel-macos-x86_64, r-oldrel-windows-ix86+x86_64
Version: 0.5.2
Check: data for non-ASCII characters
Result: NOTE
Note: found 1 marked UTF-8 string
Flavors: r-devel-linux-x86_64-fedora-clang, r-devel-linux-x86_64-fedora-gcc, r-devel-windows-x86_64-gcc10-UCRT, r-patched-solaris-x86, r-release-macos-x86_64, r-oldrel-macos-x86_64