Last updated on 2023-02-06 21:55:03 CET.
Flavor | Version | Tinstall | Tcheck | Ttotal | Status | Flags |
---|---|---|---|---|---|---|
r-devel-linux-x86_64-debian-clang | 0.1.6 | 2.20 | 21.68 | 23.88 | NOTE | |
r-devel-linux-x86_64-debian-gcc | 0.1.6 | 1.72 | 16.92 | 18.64 | NOTE | |
r-devel-linux-x86_64-fedora-clang | 0.1.6 | 31.24 | NOTE | |||
r-devel-linux-x86_64-fedora-gcc | 0.1.6 | 31.71 | NOTE | |||
r-devel-windows-x86_64 | 0.1.6 | 18.00 | 51.00 | 69.00 | NOTE | |
r-patched-linux-x86_64 | 0.1.6 | 1.89 | 22.09 | 23.98 | NOTE | |
r-release-linux-x86_64 | 0.1.6 | 1.78 | 22.05 | 23.83 | NOTE | |
r-release-macos-arm64 | 0.1.6 | 15.00 | NOTE | |||
r-release-macos-x86_64 | 0.1.6 | 27.00 | NOTE | |||
r-release-windows-x86_64 | 0.1.6 | 10.00 | 57.00 | 67.00 | NOTE | |
r-oldrel-macos-arm64 | 0.1.6 | 18.00 | NOTE | |||
r-oldrel-macos-x86_64 | 0.1.6 | 21.00 | NOTE | |||
r-oldrel-windows-ix86+x86_64 | 0.1.6 | 6.00 | 48.00 | 54.00 | NOTE |
Version: 0.1.6
Check: LazyData
Result: NOTE
'LazyData' is specified without a 'data' directory
Flavors: r-devel-linux-x86_64-debian-clang, r-devel-linux-x86_64-debian-gcc, r-devel-linux-x86_64-fedora-clang, r-devel-linux-x86_64-fedora-gcc, r-devel-windows-x86_64, r-patched-linux-x86_64, r-release-linux-x86_64, r-release-macos-arm64, r-release-macos-x86_64, r-release-windows-x86_64, r-oldrel-macos-arm64, r-oldrel-macos-x86_64, r-oldrel-windows-ix86+x86_64