CRAN Package Check Results for Package vagam

Last updated on 2023-12-09 21:54:34 CET.

Flavor Version Tinstall Tcheck Ttotal Status Flags
r-devel-linux-x86_64-debian-clang 1.1 14.05 93.55 107.60 NOTE
r-devel-linux-x86_64-debian-gcc 1.1 8.99 72.00 80.99 NOTE
r-devel-linux-x86_64-fedora-clang 1.1 131.41 OK
r-devel-linux-x86_64-fedora-gcc 1.1 123.17 OK
r-devel-windows-x86_64 1.1 11.00 84.00 95.00 OK
r-patched-linux-x86_64 1.1 8.42 90.18 98.60 OK
r-release-linux-x86_64 1.1 9.99 88.40 98.39 OK
r-release-macos-arm64 1.1 43.00 OK
r-release-macos-x86_64 1.1 67.00 OK
r-release-windows-x86_64 1.1 14.00 94.00 108.00 OK
r-oldrel-macos-arm64 1.1 36.00 OK
r-oldrel-macos-x86_64 1.1 66.00 OK
r-oldrel-windows-x86_64 1.1 14.00 105.00 119.00 OK

Check Details

Version: 1.1
Check: Rd files
Result: NOTE checkRd: (-1) summary.vagam.Rd:23: Lost braces in \itemize; \value handles \item{}{} directly checkRd: (-1) summary.vagam.Rd:24: Lost braces in \itemize; \value handles \item{}{} directly checkRd: (-1) summary.vagam.Rd:25: Lost braces in \itemize; \value handles \item{}{} directly checkRd: (-1) summary.vagam.Rd:26: Lost braces in \itemize; \value handles \item{}{} directly checkRd: (-1) summary.vagam.Rd:27: Lost braces in \itemize; \value handles \item{}{} directly checkRd: (-1) summary.vagam.Rd:28: Lost braces in \itemize; \value handles \item{}{} directly checkRd: (-1) summary.vagam.Rd:29: Lost braces in \itemize; \value handles \item{}{} directly checkRd: (-1) summary.vagam.Rd:30: Lost braces in \itemize; \value handles \item{}{} directly checkRd: (-1) summary.vagam.Rd:31: Lost braces in \itemize; \value handles \item{}{} directly checkRd: (-1) vagam.Rd:32: Lost braces in \itemize; meant \describe ? checkRd: (-1) vagam.Rd:33: Lost braces in \itemize; meant \describe ? checkRd: (-1) vagam.Rd:34: Lost braces in \itemize; meant \describe ? checkRd: (-1) vagam.Rd:62: Lost braces in \itemize; \value handles \item{}{} directly checkRd: (-1) vagam.Rd:63: Lost braces in \itemize; \value handles \item{}{} directly checkRd: (-1) vagam.Rd:64: Lost braces in \itemize; \value handles \item{}{} directly checkRd: (-1) vagam.Rd:65: Lost braces in \itemize; \value handles \item{}{} directly checkRd: (-1) vagam.Rd:66: Lost braces in \itemize; \value handles \item{}{} directly checkRd: (-1) vagam.Rd:67: Lost braces in \itemize; \value handles \item{}{} directly checkRd: (-1) vagam.Rd:68: Lost braces in \itemize; \value handles \item{}{} directly checkRd: (-1) vagam.Rd:69: Lost braces in \itemize; \value handles \item{}{} directly checkRd: (-1) vagam.Rd:70: Lost braces in \itemize; \value handles \item{}{} directly checkRd: (-1) vagam.Rd:71: Lost braces in \itemize; \value handles \item{}{} directly checkRd: (-1) vagam.Rd:72: Lost braces in \itemize; \value handles \item{}{} directly checkRd: (-1) vagam.Rd:73: Lost braces in \itemize; \value handles \item{}{} directly checkRd: (-1) vagam.Rd:74: Lost braces in \itemize; \value handles \item{}{} directly checkRd: (-1) vagam.Rd:75: Lost braces in \itemize; \value handles \item{}{} directly checkRd: (-1) vagam.Rd:76: Lost braces in \itemize; \value handles \item{}{} directly checkRd: (-1) vagam.Rd:77: Lost braces in \itemize; \value handles \item{}{} directly Flavors: r-devel-linux-x86_64-debian-clang, r-devel-linux-x86_64-debian-gcc