Last updated on 2024-03-28 23:02:01 CET.
Flavor | Version | Tinstall | Tcheck | Ttotal | Status | Flags |
---|---|---|---|---|---|---|
r-devel-linux-x86_64-debian-clang | 1.0-1 | 9.38 | 85.50 | 94.88 | OK | |
r-devel-linux-x86_64-debian-gcc | 1.0-1 | 7.87 | 66.25 | 74.12 | OK | |
r-devel-linux-x86_64-fedora-clang | 1.0-1 | 120.11 | NOTE | |||
r-devel-linux-x86_64-fedora-gcc | 1.0-1 | 116.27 | NOTE | |||
r-devel-windows-x86_64 | 1.0-1 | 13.00 | 78.00 | 91.00 | OK | |
r-patched-linux-x86_64 | 1.0-1 | 10.11 | 83.32 | 93.43 | OK | |
r-release-linux-x86_64 | 1.0-1 | 10.53 | 84.82 | 95.35 | OK | |
r-release-macos-arm64 | 1.0-1 | 47.00 | OK | |||
r-release-macos-x86_64 | 1.0-1 | 75.00 | OK | |||
r-release-windows-x86_64 | 1.0-1 | 15.00 | 98.00 | 113.00 | OK | |
r-oldrel-macos-arm64 | 1.0-1 | 38.00 | OK | |||
r-oldrel-windows-x86_64 | 1.0-1 | 15.00 | 103.00 | 118.00 | OK |
Version: 1.0-1
Check: compiled code
Result: NOTE
File ‘valorate/libs/valorate.so’:
Found no calls to: ‘R_registerRoutines’, ‘R_useDynamicSymbols’
It is good practice to register native routines and to disable symbol
search.
See ‘Writing portable packages’ in the ‘Writing R Extensions’ manual.
Flavors: r-devel-linux-x86_64-fedora-clang, r-devel-linux-x86_64-fedora-gcc