Last updated on 2023-09-23 23:01:01 CEST.
Flavor | Version | Tinstall | Tcheck | Ttotal | Status | Flags |
---|---|---|---|---|---|---|
r-devel-linux-x86_64-debian-clang | 1.0-1 | 9.31 | 90.33 | 99.64 | OK | |
r-devel-linux-x86_64-debian-gcc | 1.0-1 | 10.05 | 70.14 | 80.19 | OK | |
r-devel-linux-x86_64-fedora-clang | 1.0-1 | 128.32 | NOTE | |||
r-devel-linux-x86_64-fedora-gcc | 1.0-1 | 121.84 | NOTE | |||
r-devel-windows-x86_64 | 1.0-1 | 12.00 | 82.00 | 94.00 | OK | |
r-patched-linux-x86_64 | 1.0-1 | 11.96 | 87.34 | 99.30 | OK | |
r-release-linux-x86_64 | 1.0-1 | 9.51 | 87.36 | 96.87 | OK | |
r-release-macos-arm64 | 1.0-1 | 47.00 | OK | |||
r-release-macos-x86_64 | 1.0-1 | 75.00 | OK | |||
r-release-windows-x86_64 | 1.0-1 | 17.00 | 96.00 | 113.00 | OK | |
r-oldrel-macos-arm64 | 1.0-1 | 38.00 | OK | |||
r-oldrel-macos-x86_64 | 1.0-1 | 58.00 | OK | |||
r-oldrel-windows-x86_64 | 1.0-1 | 16.00 | 104.00 | 120.00 | OK |
Version: 1.0-1
Check: compiled code
Result: NOTE
File ‘valorate/libs/valorate.so’:
Found no calls to: ‘R_registerRoutines’, ‘R_useDynamicSymbols’
It is good practice to register native routines and to disable symbol
search.
See ‘Writing portable packages’ in the ‘Writing R Extensions’ manual.
Flavors: r-devel-linux-x86_64-fedora-clang, r-devel-linux-x86_64-fedora-gcc