Last updated on 2024-04-22 23:10:08 CEST.
Flavor | Version | Tinstall | Tcheck | Ttotal | Status | Flags |
---|---|---|---|---|---|---|
r-devel-linux-x86_64-debian-clang | 0.4 | 7.85 | 118.12 | 125.97 | NOTE | |
r-devel-linux-x86_64-debian-gcc | 0.4 | 5.90 | 94.44 | 100.34 | NOTE | |
r-devel-linux-x86_64-fedora-clang | 0.4 | 164.52 | NOTE | |||
r-devel-linux-x86_64-fedora-gcc | 0.4 | 156.97 | NOTE | |||
r-prerel-macos-arm64 | 0.4 | 45.00 | NOTE | |||
r-prerel-windows-x86_64 | 0.4 | 9.00 | 115.00 | 124.00 | NOTE | |
r-patched-linux-x86_64 | 0.4 | 7.78 | 115.16 | 122.94 | NOTE | |
r-release-linux-x86_64 | 0.4 | 8.62 | 119.50 | 128.12 | NOTE | |
r-release-macos-arm64 | 0.4 | 54.00 | NOTE | |||
r-release-macos-x86_64 | 0.4 | 76.00 | NOTE | |||
r-release-windows-x86_64 | 0.4 | 11.00 | 141.00 | 152.00 | NOTE | |
r-oldrel-macos-arm64 | 0.4 | 46.00 | NOTE | |||
r-oldrel-windows-x86_64 | 0.4 | 12.00 | 203.00 | 215.00 | NOTE |
Version: 0.4
Check: LazyData
Result: NOTE
'LazyData' is specified without a 'data' directory
Flavors: r-devel-linux-x86_64-debian-clang, r-devel-linux-x86_64-debian-gcc, r-devel-linux-x86_64-fedora-clang, r-devel-linux-x86_64-fedora-gcc, r-prerel-macos-arm64, r-prerel-windows-x86_64, r-patched-linux-x86_64, r-release-linux-x86_64, r-release-macos-arm64, r-release-macos-x86_64, r-release-windows-x86_64, r-oldrel-macos-arm64, r-oldrel-windows-x86_64