Last updated on 2024-03-28 23:02:01 CET.
Flavor | Version | Tinstall | Tcheck | Ttotal | Status | Flags |
---|---|---|---|---|---|---|
r-devel-linux-x86_64-debian-clang | 0.9.0 | 38.75 | 61.73 | 100.48 | NOTE | |
r-devel-linux-x86_64-debian-gcc | 0.9.0 | 27.38 | 51.03 | 78.41 | NOTE | |
r-devel-linux-x86_64-fedora-clang | 0.9.0 | 135.09 | NOTE | |||
r-devel-linux-x86_64-fedora-gcc | 0.9.0 | 148.87 | NOTE | |||
r-devel-windows-x86_64 | 0.9.0 | 30.00 | 85.00 | 115.00 | NOTE | |
r-patched-linux-x86_64 | 0.9.0 | 34.08 | 63.38 | 97.46 | NOTE | |
r-release-linux-x86_64 | 0.9.0 | 32.09 | 60.55 | 92.64 | NOTE | |
r-release-macos-arm64 | 0.9.0 | 47.00 | NOTE | |||
r-release-macos-x86_64 | 0.9.0 | 75.00 | NOTE | |||
r-release-windows-x86_64 | 0.9.0 | 36.00 | 106.00 | 142.00 | NOTE | |
r-oldrel-macos-arm64 | 0.9.0 | 48.00 | NOTE | |||
r-oldrel-windows-x86_64 | 0.9.0 | 36.00 | 110.00 | 146.00 | NOTE |
Version: 0.9.0
Check: Rd files
Result: NOTE
checkRd: (-1) sample_gen.Rd:18: Lost braces; missing escapes or markup?
18 | Generate \code{n} random samples from multivariate Gaussian distribution N(0, (L^TL)^{-1})
| ^
Flavors: r-devel-linux-x86_64-debian-clang, r-devel-linux-x86_64-debian-gcc, r-devel-linux-x86_64-fedora-clang, r-devel-linux-x86_64-fedora-gcc, r-devel-windows-x86_64, r-patched-linux-x86_64
Version: 0.9.0
Check: LazyData
Result: NOTE
'LazyData' is specified without a 'data' directory
Flavors: r-devel-linux-x86_64-debian-clang, r-devel-linux-x86_64-debian-gcc, r-devel-linux-x86_64-fedora-clang, r-devel-linux-x86_64-fedora-gcc, r-devel-windows-x86_64, r-patched-linux-x86_64, r-release-linux-x86_64, r-release-macos-arm64, r-release-macos-x86_64, r-release-windows-x86_64, r-oldrel-macos-arm64, r-oldrel-windows-x86_64
Version: 0.9.0
Check: compiled code
Result: NOTE
File ‘varband/libs/varband.so’:
Found no calls to: ‘R_registerRoutines’, ‘R_useDynamicSymbols’
It is good practice to register native routines and to disable symbol
search.
See ‘Writing portable packages’ in the ‘Writing R Extensions’ manual.
Flavors: r-devel-linux-x86_64-fedora-clang, r-devel-linux-x86_64-fedora-gcc