CRAN Package Check Results for Package vcd

Last updated on 2017-07-23 22:47:15.

Flavor Version Tinstall Tcheck Ttotal Status Flags
r-devel-linux-x86_64-debian-clang 1.4-3 2.14 139.23 141.37 NOTE
r-devel-linux-x86_64-debian-gcc 1.4-3 2.18 136.20 138.37 NOTE
r-devel-linux-x86_64-fedora-clang 1.4-3 230.66 NOTE
r-devel-linux-x86_64-fedora-gcc 1.4-3 224.70 NOTE
r-devel-windows-ix86+x86_64 1.4-3 14.00 273.00 287.00 OK
r-patched-linux-x86_64 1.4-3 2.20 139.77 141.97 NOTE
r-patched-solaris-x86 1.4-3 264.80 NOTE
r-release-linux-x86_64 1.4-3 2.22 137.75 139.97 NOTE
r-release-windows-ix86+x86_64 1.4-3 7.00 274.00 281.00 OK
r-release-osx-x86_64 1.4-3 OK
r-oldrel-windows-ix86+x86_64 1.4-3 8.00 256.00 264.00 OK
r-oldrel-osx-x86_64 1.4-3 OK

Check Details

Version: 1.4-3
Check: S3 generic/method consistency
Result: NOTE
    Found the following apparent S3 methods exported but not registered:
     cbind.structable rbind.structable
    See section ‘Registering S3 methods’ in the ‘Writing R Extensions’
    manual.
Flavors: r-devel-linux-x86_64-debian-clang, r-devel-linux-x86_64-debian-gcc, r-devel-linux-x86_64-fedora-clang, r-devel-linux-x86_64-fedora-gcc, r-patched-linux-x86_64, r-patched-solaris-x86, r-release-linux-x86_64