CRAN Package Check Results for Package vdg

Last updated on 2024-07-23 22:49:54 CEST.

Flavor Version Tinstall Tcheck Ttotal Status Flags
r-devel-linux-x86_64-debian-clang 1.2.3 14.68 180.46 195.14 OK
r-devel-linux-x86_64-debian-gcc 1.2.3 10.52 134.66 145.18 NOTE
r-devel-linux-x86_64-fedora-clang 1.2.3 247.62 NOTE
r-devel-linux-x86_64-fedora-gcc 1.2.3 242.75 NOTE
r-devel-windows-x86_64 1.2.3 16.00 228.00 244.00 NOTE
r-patched-linux-x86_64 1.2.3 17.02 172.75 189.77 OK
r-release-linux-x86_64 1.2.3 11.81 168.24 180.05 OK
r-release-macos-arm64 1.2.3 94.00 OK
r-release-macos-x86_64 1.2.3 145.00 OK
r-release-windows-x86_64 1.2.3 15.00 227.00 242.00 OK
r-oldrel-macos-arm64 1.2.3 97.00 OK
r-oldrel-macos-x86_64 1.2.3 238.00 OK
r-oldrel-windows-x86_64 1.2.3 19.00 241.00 260.00 OK

Check Details

Version: 1.2.3
Check: Rd cross-references
Result: NOTE Found the following Rd file(s) with Rd \link{} targets missing package anchors: plot.spv.Rd: stat_binhex, grid.arrange, ggplot vdg-package.Rd: theme Please provide package anchors for all Rd \link{} targets not in the package itself and the base packages. Flavors: r-devel-linux-x86_64-debian-gcc, r-devel-windows-x86_64

Version: 1.2.3
Check: compiled code
Result: NOTE File ‘vdg/libs/vdg.so’: Found no calls to: ‘R_registerRoutines’, ‘R_useDynamicSymbols’ It is good practice to register native routines and to disable symbol search. See ‘Writing portable packages’ in the ‘Writing R Extensions’ manual. Flavors: r-devel-linux-x86_64-fedora-clang, r-devel-linux-x86_64-fedora-gcc