CRAN Package Check Results for Package vdmR

Last updated on 2019-07-22 22:48:14 CEST.

Flavor Version Tinstall Tcheck Ttotal Status Flags
r-devel-linux-x86_64-debian-clang 0.2.6 2.66 59.09 61.75 OK
r-devel-linux-x86_64-debian-gcc 0.2.6 2.08 46.20 48.28 OK
r-devel-linux-x86_64-fedora-clang 0.2.6 74.40 NOTE
r-devel-linux-x86_64-fedora-gcc 0.2.6 79.22 NOTE
r-devel-windows-ix86+x86_64 0.2.6 7.00 106.00 113.00 OK
r-patched-linux-x86_64 0.2.6 2.63 56.72 59.35 OK
r-patched-solaris-x86 0.2.6 110.60 NOTE
r-release-linux-x86_64 0.2.6 2.58 57.92 60.50 OK
r-release-windows-ix86+x86_64 0.2.6 8.00 79.00 87.00 OK
r-release-osx-x86_64 0.2.6 NOTE
r-oldrel-windows-ix86+x86_64 0.2.6 7.00 93.00 100.00 OK
r-oldrel-osx-x86_64 0.2.6 NOTE

Check Details

Version: 0.2.6
Check: dependencies in R code
Result: NOTE
    Namespaces in Imports field not imported from:
     ‘Rdpack’ ‘maptools’ ‘rgeos’
     All declared Imports should be used.
Flavors: r-devel-linux-x86_64-fedora-clang, r-devel-linux-x86_64-fedora-gcc, r-patched-solaris-x86, r-release-osx-x86_64, r-oldrel-osx-x86_64