CRAN Package Check Results for Package vdmR

Last updated on 2019-11-18 22:47:27 CET.

Flavor Version Tinstall Tcheck Ttotal Status Flags
r-devel-linux-x86_64-debian-clang 0.2.6 2.85 60.46 63.31 OK
r-devel-linux-x86_64-debian-gcc 0.2.6 2.40 48.31 50.71 OK
r-devel-linux-x86_64-fedora-clang 0.2.6 74.08 NOTE
r-devel-linux-x86_64-fedora-gcc 0.2.6 73.02 NOTE
r-devel-windows-ix86+x86_64 0.2.6 15.00 98.00 113.00 OK
r-patched-linux-x86_64 0.2.6 2.50 56.65 59.15 OK
r-patched-solaris-x86 0.2.6 109.40 NOTE
r-release-linux-x86_64 0.2.6 2.56 57.11 59.67 OK
r-release-windows-ix86+x86_64 0.2.6 7.00 106.00 113.00 OK
r-release-osx-x86_64 0.2.6 NOTE
r-oldrel-windows-ix86+x86_64 0.2.6 3.00 98.00 101.00 OK
r-oldrel-osx-x86_64 0.2.6 NOTE

Check Details

Version: 0.2.6
Check: dependencies in R code
Result: NOTE
    Namespaces in Imports field not imported from:
     ‘Rdpack’ ‘maptools’ ‘rgeos’
     All declared Imports should be used.
Flavors: r-devel-linux-x86_64-fedora-clang, r-devel-linux-x86_64-fedora-gcc, r-patched-solaris-x86, r-release-osx-x86_64, r-oldrel-osx-x86_64