Last updated on 2024-04-26 22:55:03 CEST.
Flavor | Version | Tinstall | Tcheck | Ttotal | Status | Flags |
---|---|---|---|---|---|---|
r-devel-linux-x86_64-debian-clang | 0.1.0 | 6.19 | 56.94 | 63.13 | NOTE | |
r-devel-linux-x86_64-debian-gcc | 0.1.0 | 5.05 | 42.21 | 47.26 | NOTE | |
r-devel-linux-x86_64-fedora-clang | 0.1.0 | 80.35 | NOTE | |||
r-devel-linux-x86_64-fedora-gcc | 0.1.0 | 73.38 | NOTE | |||
r-devel-windows-x86_64 | 0.1.0 | 6.00 | 58.00 | 64.00 | NOTE | |
r-patched-linux-x86_64 | 0.1.0 | 6.21 | 54.83 | 61.04 | NOTE | |
r-release-linux-x86_64 | 0.1.0 | 5.67 | 53.73 | 59.40 | NOTE | |
r-release-macos-arm64 | 0.1.0 | 24.00 | NOTE | |||
r-release-windows-x86_64 | 0.1.0 | 6.00 | 58.00 | 64.00 | NOTE | |
r-oldrel-macos-arm64 | 0.1.0 | 31.00 | NOTE | |||
r-oldrel-macos-x86_64 | 0.1.0 | 52.00 | NOTE | |||
r-oldrel-windows-x86_64 | 0.1.0 | 7.00 | 65.00 | 72.00 | NOTE |
Version: 0.1.0
Check: LazyData
Result: NOTE
'LazyData' is specified without a 'data' directory
Flavors: r-devel-linux-x86_64-debian-clang, r-devel-linux-x86_64-debian-gcc, r-devel-linux-x86_64-fedora-clang, r-devel-linux-x86_64-fedora-gcc, r-devel-windows-x86_64, r-patched-linux-x86_64, r-release-linux-x86_64, r-release-macos-arm64, r-release-windows-x86_64, r-oldrel-macos-arm64, r-oldrel-macos-x86_64, r-oldrel-windows-x86_64
Version: 0.1.0
Check: dependencies in R code
Result: NOTE
Namespaces in Imports field not imported from:
‘Rcpp’ ‘foreach’ ‘iterators’ ‘maps’ ‘spam’
All declared Imports should be used.
Flavors: r-devel-linux-x86_64-fedora-clang, r-devel-linux-x86_64-fedora-gcc