CRAN Package Check Results for Package vegalite

Last updated on 2019-08-18 22:47:10 CEST.

Flavor Version Tinstall Tcheck Ttotal Status Flags
r-devel-linux-x86_64-debian-clang 0.6.1 4.86 49.02 53.88 OK
r-devel-linux-x86_64-debian-gcc 0.6.1 4.99 38.71 43.70 OK
r-devel-linux-x86_64-fedora-clang 0.6.1 65.01 OK
r-devel-linux-x86_64-fedora-gcc 0.6.1 70.19 OK
r-devel-windows-ix86+x86_64 0.6.1 17.00 168.00 185.00 OK
r-patched-linux-x86_64 0.6.1 5.99 49.03 55.02 OK
r-patched-solaris-x86 0.6.1 92.20 WARN
r-release-linux-x86_64 0.6.1 5.36 48.64 54.00 OK
r-release-windows-ix86+x86_64 0.6.1 11.00 70.00 81.00 OK
r-release-osx-x86_64 0.6.1 WARN
r-oldrel-windows-ix86+x86_64 0.6.1 9.00 68.00 77.00 ERROR
r-oldrel-osx-x86_64 0.6.1 WARN

Check Details

Version: 0.6.1
Check: re-building of vignette outputs
Result: WARN
    Error(s) in re-building vignettes:
     ...
    --- re-building ‘intro_to_vegalite.Rmd’ using rmarkdown
    Warning in engine$weave(file, quiet = quiet, encoding = enc) :
     Pandoc (>= 1.12.3) and/or pandoc-citeproc not available. Falling back to R Markdown v1.
    Quitting from lines 24-36 (intro_to_vegalite.Rmd)
    Error: processing vignette 'intro_to_vegalite.Rmd' failed with diagnostics:
    cannot open the connection
    --- failed re-building ‘intro_to_vegalite.Rmd’
    
    SUMMARY: processing the following file failed:
     ‘intro_to_vegalite.Rmd’
    
    Error: Vignette re-building failed.
    Execution halted
Flavors: r-patched-solaris-x86, r-release-osx-x86_64

Version: 0.6.1
Check: examples
Result: ERROR
    Running examples in 'vegalite-Ex.R' failed
    The error most likely occurred in:
    
    > ### Name: from_spec
    > ### Title: Take a JSON Vega-Lite Spec and render as an htmlwidget
    > ### Aliases: from_spec
    >
    > ### ** Examples
    >
    > from_spec("http://rud.is/dl/embedded.json")
    Warning in file(con, "r") :
     InternetOpenUrl failed: 'Eine Umleitungsanforderung ändert eine nicht sichere in eine sichere Verbindung.'
    Error in file(con, "r") : cannot open the connection
    Calls: from_spec -> readLines -> file
    Execution halted
Flavor: r-oldrel-windows-ix86+x86_64

Version: 0.6.1
Check: re-building of vignette outputs
Result: WARN
    Error in re-building vignettes:
     ...
    Warning in engine$weave(file, quiet = quiet, encoding = enc) :
     Pandoc (>= 1.12.3) and/or pandoc-citeproc not available. Falling back to R Markdown v1.
    Quitting from lines 24-36 (intro_to_vegalite.Rmd)
    Error: processing vignette 'intro_to_vegalite.Rmd' failed with diagnostics:
    cannot open the connection
    Execution halted
Flavor: r-oldrel-osx-x86_64