Last updated on 2023-12-03 22:57:25 CET.
Flavor | Version | Tinstall | Tcheck | Ttotal | Status | Flags |
---|---|---|---|---|---|---|
r-devel-linux-x86_64-debian-clang | 0.4.0 | 1.69 | 22.22 | 23.91 | NOTE | |
r-devel-linux-x86_64-debian-gcc | 0.4.0 | 1.61 | 17.86 | 19.47 | NOTE | |
r-devel-linux-x86_64-fedora-clang | 0.4.0 | 31.51 | NOTE | |||
r-devel-linux-x86_64-fedora-gcc | 0.4.0 | 29.26 | NOTE | |||
r-devel-windows-x86_64 | 0.4.0 | 2.00 | 40.00 | 42.00 | NOTE | |
r-patched-linux-x86_64 | 0.4.0 | 1.95 | 22.05 | 24.00 | NOTE | |
r-release-linux-x86_64 | 0.4.0 | 1.72 | 22.17 | 23.89 | NOTE | |
r-release-macos-arm64 | 0.4.0 | 15.00 | NOTE | |||
r-release-macos-x86_64 | 0.4.0 | 20.00 | NOTE | |||
r-release-windows-x86_64 | 0.4.0 | 2.00 | 40.00 | 42.00 | NOTE | |
r-oldrel-macos-arm64 | 0.4.0 | 18.00 | NOTE | |||
r-oldrel-macos-x86_64 | 0.4.0 | 21.00 | NOTE | |||
r-oldrel-windows-x86_64 | 0.4.0 | 4.00 | 48.00 | 52.00 | NOTE |
Version: 0.4.0
Check: LazyData
Result: NOTE
'LazyData' is specified without a 'data' directory
Flavors: r-devel-linux-x86_64-debian-clang, r-devel-linux-x86_64-debian-gcc, r-devel-linux-x86_64-fedora-clang, r-devel-linux-x86_64-fedora-gcc, r-devel-windows-x86_64, r-patched-linux-x86_64, r-release-linux-x86_64, r-release-macos-arm64, r-release-macos-x86_64, r-release-windows-x86_64, r-oldrel-macos-arm64, r-oldrel-macos-x86_64, r-oldrel-windows-x86_64