Last updated on 2024-04-18 22:53:05 CEST.
Flavor | Version | Tinstall | Tcheck | Ttotal | Status | Flags |
---|---|---|---|---|---|---|
r-devel-linux-x86_64-debian-clang | 1.42 | 12.39 | 83.82 | 96.21 | NOTE | |
r-devel-linux-x86_64-debian-gcc | 1.42 | 7.59 | 59.69 | 67.28 | NOTE | |
r-devel-linux-x86_64-fedora-clang | 1.42 | 114.87 | NOTE | |||
r-devel-linux-x86_64-fedora-gcc | 1.42 | 107.22 | NOTE | |||
r-prerel-macos-arm64 | 1.42 | 32.00 | NOTE | |||
r-prerel-windows-x86_64 | 1.42 | 9.00 | 84.00 | 93.00 | NOTE | |
r-patched-linux-x86_64 | 1.42 | 10.34 | 77.25 | 87.59 | NOTE | |
r-release-linux-x86_64 | 1.42 | 8.22 | 78.69 | 86.91 | NOTE | |
r-release-macos-arm64 | 1.42 | 38.00 | NOTE | |||
r-release-macos-x86_64 | 1.42 | 64.00 | NOTE | |||
r-release-windows-x86_64 | 1.42 | 12.00 | 98.00 | 110.00 | NOTE | |
r-oldrel-macos-arm64 | 1.42 | 39.00 | OK | |||
r-oldrel-windows-x86_64 | 1.42 | 11.00 | 102.00 | 113.00 | OK |
Version: 1.42
Check: Rd files
Result: NOTE
checkRd: (-1) predcomp.test.Rd:51: Lost braces; missing escapes or markup?
51 | S = dbar/sqrt(2*pi*se_{d}(0)/N),
| ^
checkRd: (-1) predcomp.test.Rd:53: Lost braces; missing escapes or markup?
53 | where d is the loss differential, d = e1 - e2 (e1 = loss(x, xhat1) and e2 = loss(x, xhat2)), dbar is its sample mean, and se_{d}(0) is the standard error for d, which must be estimated, and N is the length of the series investigated. Let V = 2*pi*se_{d}(0), then V is estimated by
| ^
checkRd: (-1) predcomp.test.Rd:53: Lost braces; missing escapes or markup?
53 | where d is the loss differential, d = e1 - e2 (e1 = loss(x, xhat1) and e2 = loss(x, xhat2)), dbar is its sample mean, and se_{d}(0) is the standard error for d, which must be estimated, and N is the length of the series investigated. Let V = 2*pi*se_{d}(0), then V is estimated by
| ^
checkRd: (-1) value.Rd:32: Escaped LaTeX specials: \$ \$
Flavors: r-devel-linux-x86_64-debian-clang, r-devel-linux-x86_64-debian-gcc, r-devel-linux-x86_64-fedora-clang, r-devel-linux-x86_64-fedora-gcc, r-prerel-macos-arm64, r-prerel-windows-x86_64, r-patched-linux-x86_64
Version: 1.42
Check: Rd files
Result: NOTE
checkRd: (-1) value.Rd:32: Escaped LaTeX specials: \$ \$
Flavors: r-release-linux-x86_64, r-release-macos-arm64, r-release-macos-x86_64, r-release-windows-x86_64