Last updated on 2024-04-19 22:56:07 CEST.
Flavor | Version | Tinstall | Tcheck | Ttotal | Status | Flags |
---|---|---|---|---|---|---|
r-devel-linux-x86_64-debian-clang | 0.3.0 | 6.21 | 44.98 | 51.19 | OK | |
r-devel-linux-x86_64-debian-gcc | 0.3.0 | OK | ||||
r-devel-linux-x86_64-fedora-clang | 0.3.0 | 63.92 | NOTE | |||
r-devel-linux-x86_64-fedora-gcc | 0.3.0 | 62.96 | NOTE | |||
r-prerel-macos-arm64 | 0.3.0 | 24.00 | OK | |||
r-prerel-windows-x86_64 | 0.3.0 | 7.00 | 54.00 | 61.00 | OK | |
r-patched-linux-x86_64 | 0.3.0 | 4.63 | 43.48 | 48.11 | OK | |
r-release-linux-x86_64 | 0.3.0 | 3.46 | 43.41 | 46.87 | OK | |
r-release-macos-arm64 | 0.3.0 | 24.00 | OK | |||
r-release-macos-x86_64 | 0.3.0 | 32.00 | OK | |||
r-release-windows-x86_64 | 0.3.0 | 7.00 | 59.00 | 66.00 | OK | |
r-oldrel-macos-arm64 | 0.3.0 | 23.00 | NOTE | |||
r-oldrel-windows-x86_64 | 0.3.0 | 8.00 | 64.00 | 72.00 | OK |
Version: 0.3.0
Check: data for non-ASCII characters
Result: NOTE
Note: found 2 marked UTF-8 strings
Flavors: r-devel-linux-x86_64-fedora-clang, r-devel-linux-x86_64-fedora-gcc, r-oldrel-macos-arm64