Last updated on 2021-04-12 22:51:20 CEST.
Flavor | Version | Tinstall | Tcheck | Ttotal | Status | Flags |
---|---|---|---|---|---|---|
r-devel-linux-x86_64-debian-clang | 2.1.9 | 5.02 | 171.29 | 176.31 | NOTE | |
r-devel-linux-x86_64-debian-gcc | 2.1.9 | 4.23 | 129.03 | 133.26 | NOTE | |
r-devel-linux-x86_64-fedora-clang | 2.1.9 | 204.37 | NOTE | |||
r-devel-linux-x86_64-fedora-gcc | 2.1.9 | 199.86 | NOTE | |||
r-devel-windows-ix86+x86_64 | 2.1.9 | 10.00 | 250.00 | 260.00 | NOTE | |
r-devel-windows-x86_64-gcc10-UCRT | 2.1.9 | NOTE | ||||
r-patched-linux-x86_64 | 2.1.9 | 4.56 | 159.25 | 163.81 | OK | |
r-patched-solaris-x86 | 2.1.9 | 322.00 | OK | |||
r-release-linux-x86_64 | 2.1.9 | 5.06 | 160.49 | 165.55 | OK | |
r-release-macos-x86_64 | 2.1.9 | OK | ||||
r-release-windows-ix86+x86_64 | 2.1.9 | 19.00 | 196.00 | 215.00 | OK | |
r-oldrel-macos-x86_64 | 2.1.9 | OK | ||||
r-oldrel-windows-ix86+x86_64 | 2.1.9 | 8.00 | 137.00 | 145.00 | OK |
Version: 2.1.9
Check: LazyData
Result: NOTE
'LazyData' is specified without a 'data' directory
Flavors: r-devel-linux-x86_64-debian-clang, r-devel-linux-x86_64-debian-gcc, r-devel-linux-x86_64-fedora-clang, r-devel-linux-x86_64-fedora-gcc, r-devel-windows-ix86+x86_64, r-devel-windows-x86_64-gcc10-UCRT