Last updated on 2024-03-28 23:02:02 CET.
Flavor | Version | Tinstall | Tcheck | Ttotal | Status | Flags |
---|---|---|---|---|---|---|
r-devel-linux-x86_64-debian-clang | 2.3.3 | 8.61 | 300.45 | 309.06 | NOTE | |
r-devel-linux-x86_64-debian-gcc | 2.3.3 | 6.67 | 240.07 | 246.74 | NOTE | |
r-devel-linux-x86_64-fedora-clang | 2.3.3 | 394.03 | NOTE | |||
r-devel-linux-x86_64-fedora-gcc | 2.3.3 | 399.35 | NOTE | |||
r-devel-windows-x86_64 | 2.3.3 | 9.00 | 283.00 | 292.00 | NOTE | |
r-patched-linux-x86_64 | 2.3.3 | 11.32 | 299.12 | 310.44 | NOTE | |
r-release-linux-x86_64 | 2.3.3 | 8.77 | 294.25 | 303.02 | OK | |
r-release-macos-arm64 | 2.3.3 | 135.00 | OK | |||
r-release-macos-x86_64 | 2.3.3 | 327.00 | OK | |||
r-release-windows-x86_64 | 2.3.3 | 10.00 | 330.00 | 340.00 | OK | |
r-oldrel-macos-arm64 | 2.3.3 | 123.00 | OK | |||
r-oldrel-windows-x86_64 | 2.3.3 | 13.00 | 306.00 | 319.00 | OK |
Version: 2.3.3
Check: Rd files
Result: NOTE
checkRd: (-1) average_vim.Rd:18: Lost braces in \itemize; \value handles \item{}{} directly
checkRd: (-1) average_vim.Rd:19: Lost braces in \itemize; \value handles \item{}{} directly
checkRd: (-1) average_vim.Rd:20: Lost braces in \itemize; \value handles \item{}{} directly
checkRd: (-1) average_vim.Rd:21: Lost braces in \itemize; \value handles \item{}{} directly
checkRd: (-1) average_vim.Rd:22: Lost braces in \itemize; \value handles \item{}{} directly
checkRd: (-1) average_vim.Rd:23: Lost braces in \itemize; \value handles \item{}{} directly
checkRd: (-1) average_vim.Rd:24: Lost braces in \itemize; \value handles \item{}{} directly
checkRd: (-1) average_vim.Rd:25: Lost braces in \itemize; \value handles \item{}{} directly
checkRd: (-1) average_vim.Rd:26: Lost braces in \itemize; \value handles \item{}{} directly
checkRd: (-1) average_vim.Rd:27: Lost braces in \itemize; \value handles \item{}{} directly
checkRd: (-1) average_vim.Rd:28: Lost braces in \itemize; \value handles \item{}{} directly
checkRd: (-1) average_vim.Rd:29: Lost braces in \itemize; \value handles \item{}{} directly
checkRd: (-1) merge_vim.Rd:16: Lost braces in \itemize; \value handles \item{}{} directly
checkRd: (-1) merge_vim.Rd:17: Lost braces in \itemize; \value handles \item{}{} directly
checkRd: (-1) merge_vim.Rd:18: Lost braces in \itemize; \value handles \item{}{} directly
checkRd: (-1) merge_vim.Rd:19: Lost braces in \itemize; \value handles \item{}{} directly
checkRd: (-1) merge_vim.Rd:20: Lost braces in \itemize; \value handles \item{}{} directly
checkRd: (-1) merge_vim.Rd:21: Lost braces in \itemize; \value handles \item{}{} directly
checkRd: (-1) merge_vim.Rd:22: Lost braces in \itemize; \value handles \item{}{} directly
checkRd: (-1) merge_vim.Rd:23: Lost braces in \itemize; \value handles \item{}{} directly
checkRd: (-1) merge_vim.Rd:24: Lost braces in \itemize; \value handles \item{}{} directly
checkRd: (-1) merge_vim.Rd:25: Lost braces in \itemize; \value handles \item{}{} directly
checkRd: (-1) merge_vim.Rd:26: Lost braces in \itemize; \value handles \item{}{} directly
checkRd: (-1) merge_vim.Rd:27: Lost braces in \itemize; \value handles \item{}{} directly
checkRd: (-1) merge_vim.Rd:28: Lost braces in \itemize; \value handles \item{}{} directly
Flavors: r-devel-linux-x86_64-debian-clang, r-devel-linux-x86_64-debian-gcc, r-devel-linux-x86_64-fedora-clang, r-devel-linux-x86_64-fedora-gcc, r-devel-windows-x86_64, r-patched-linux-x86_64