Last updated on 2023-09-25 22:12:54 CEST.
Flavor | Version | Tinstall | Tcheck | Ttotal | Status | Flags |
---|---|---|---|---|---|---|
r-devel-linux-x86_64-debian-clang | 2.1.2 | 9.85 | 74.93 | 84.78 | OK | |
r-devel-linux-x86_64-debian-gcc | 2.1.2 | 8.15 | 57.48 | 65.63 | OK | |
r-devel-linux-x86_64-fedora-clang | 2.1.2 | 108.21 | NOTE | |||
r-devel-linux-x86_64-fedora-gcc | 2.1.2 | 125.40 | OK | |||
r-devel-windows-x86_64 | 2.1.2 | 13.00 | 86.00 | 99.00 | NOTE | |
r-patched-linux-x86_64 | 2.1.2 | 16.40 | 73.57 | 89.97 | OK | |
r-release-linux-x86_64 | 2.1.2 | 10.60 | 74.41 | 85.01 | OK | |
r-release-macos-arm64 | 2.1.2 | 41.00 | NOTE | |||
r-release-macos-x86_64 | 2.1.2 | 62.00 | NOTE | |||
r-release-windows-x86_64 | 2.1.2 | 16.00 | 103.00 | 119.00 | NOTE | |
r-oldrel-macos-arm64 | 2.1.2 | 32.00 | NOTE | |||
r-oldrel-macos-x86_64 | 2.1.2 | 46.00 | NOTE | |||
r-oldrel-windows-x86_64 | 2.1.2 | 17.00 | 93.00 | 110.00 | NOTE |
Version: 2.1.2
Check: installed package size
Result: NOTE
installed size is 10.9Mb
sub-directories of 1Mb or more:
doc 2.0Mb
htmlwidgets 7.0Mb
Flavors: r-devel-linux-x86_64-fedora-clang, r-devel-windows-x86_64, r-release-macos-arm64, r-release-macos-x86_64, r-release-windows-x86_64, r-oldrel-macos-arm64, r-oldrel-macos-x86_64, r-oldrel-windows-x86_64