CRAN Package Check Results for Package visTree

Last updated on 2024-02-25 23:02:25 CET.

Flavor Version Tinstall Tcheck Ttotal Status Flags
r-devel-linux-x86_64-debian-clang 0.8.1 6.77 87.35 94.12 OK
r-devel-linux-x86_64-debian-gcc 0.8.1 6.16 66.98 73.14 OK
r-devel-linux-x86_64-fedora-clang 0.8.1 117.88 NOTE
r-devel-linux-x86_64-fedora-gcc 0.8.1 126.29 NOTE
r-devel-windows-x86_64 0.8.1 8.00 88.00 96.00 OK
r-patched-linux-x86_64 0.8.1 7.94 86.39 94.33 OK
r-release-linux-x86_64 0.8.1 8.64 85.97 94.61 OK
r-release-macos-arm64 0.8.1 47.00 OK
r-release-macos-x86_64 0.8.1 75.00 OK
r-release-windows-x86_64 0.8.1 11.00 98.00 109.00 OK
r-oldrel-macos-arm64 0.8.1 41.00 NOTE
r-oldrel-windows-x86_64 0.8.1 10.00 106.00 116.00 OK

Check Details

Version: 0.8.1
Check: dependencies in R code
Result: NOTE Namespace in Imports field not imported from: ‘rpart’ All declared Imports should be used. Flavors: r-devel-linux-x86_64-fedora-clang, r-devel-linux-x86_64-fedora-gcc, r-oldrel-macos-arm64