Last updated on 2024-04-17 23:00:15 CEST.
Flavor | Version | Tinstall | Tcheck | Ttotal | Status | Flags |
---|---|---|---|---|---|---|
r-devel-linux-x86_64-debian-clang | 0.1.0 | 15.03 | 130.97 | 146.00 | NOTE | |
r-devel-linux-x86_64-debian-gcc | 0.1.0 | 9.66 | 95.06 | 104.72 | NOTE | |
r-devel-linux-x86_64-fedora-clang | 0.1.0 | 183.23 | NOTE | |||
r-devel-linux-x86_64-fedora-gcc | 0.1.0 | 179.62 | NOTE | |||
r-prerel-macos-arm64 | 0.1.0 | 55.00 | NOTE | |||
r-prerel-windows-x86_64 | 0.1.0 | 12.00 | 107.00 | 119.00 | NOTE | |
r-patched-linux-x86_64 | 0.1.0 | 12.26 | 120.69 | 132.95 | NOTE | |
r-release-linux-x86_64 | 0.1.0 | 9.81 | 123.77 | 133.58 | OK | |
r-release-macos-arm64 | 0.1.0 | 55.00 | OK | |||
r-release-macos-x86_64 | 0.1.0 | 95.00 | OK | |||
r-release-windows-x86_64 | 0.1.0 | 17.00 | 132.00 | 149.00 | OK | |
r-oldrel-macos-arm64 | 0.1.0 | 60.00 | OK | |||
r-oldrel-windows-x86_64 | 0.1.0 | 16.00 | 135.00 | 151.00 | OK |
Version: 0.1.0
Check: Rd files
Result: NOTE
checkRd: (-1) NSpec.DB.Rd:16: Lost braces; missing escapes or markup?
16 | ...{currently not used}
| ^
checkRd: (-1) wavelength-methods.Rd:32: Lost braces; missing escapes or markup?
32 | A call to {new} returns a newly allocated object from the class identified by the first argument.
| ^
Flavors: r-devel-linux-x86_64-debian-clang, r-devel-linux-x86_64-debian-gcc, r-devel-linux-x86_64-fedora-clang, r-devel-linux-x86_64-fedora-gcc, r-prerel-macos-arm64, r-prerel-windows-x86_64, r-patched-linux-x86_64