CRAN Package Check Results for Package visvow

Last updated on 2021-03-04 22:54:13 CET.

Flavor Version Tinstall Tcheck Ttotal Status Flags
r-devel-linux-x86_64-debian-clang 1.1.1 22.14 155.34 177.48 OK
r-devel-linux-x86_64-debian-gcc 1.1.1 17.53 114.46 131.99 OK
r-devel-linux-x86_64-fedora-clang 1.1.1 222.81 NOTE
r-devel-linux-x86_64-fedora-gcc 1.1.1 209.53 OK
r-devel-windows-ix86+x86_64 1.1.1 35.00 163.00 198.00 OK
r-patched-linux-x86_64 1.1.1 OK
r-patched-solaris-x86 1.1.1 276.20 OK
r-release-linux-x86_64 1.1.1 21.19 143.95 165.14 OK
r-release-macos-x86_64 1.1.1 OK
r-release-windows-ix86+x86_64 1.1.1 24.00 112.00 136.00 OK
r-oldrel-macos-x86_64 1.1.1 OK
r-oldrel-windows-ix86+x86_64 1.1.1 30.00 165.00 195.00 OK

Check Details

Version: 1.1.1
Check: package dependencies
Result: NOTE
    Imports includes 21 non-default packages.
    Importing from so many packages makes the package vulnerable to any of
    them becoming unavailable. Move as many as possible to Suggests and
    use conditionally.
Flavor: r-devel-linux-x86_64-fedora-clang