Last updated on 2023-10-01 23:04:02 CEST.
Flavor | Version | Tinstall | Tcheck | Ttotal | Status | Flags |
---|---|---|---|---|---|---|
r-devel-linux-x86_64-debian-clang | 1.0.1 | 3.12 | 108.66 | 111.78 | OK | |
r-devel-linux-x86_64-debian-gcc | 1.0.1 | 2.96 | 79.17 | 82.13 | OK | |
r-devel-linux-x86_64-fedora-clang | 1.0.1 | 137.61 | NOTE | |||
r-devel-linux-x86_64-fedora-gcc | 1.0.1 | 143.85 | OK | |||
r-devel-windows-x86_64 | 1.0.1 | 6.00 | 101.00 | 107.00 | NOTE | |
r-patched-linux-x86_64 | 1.0.1 | 3.51 | 102.35 | 105.86 | OK | |
r-release-linux-x86_64 | 1.0.1 | 2.86 | 104.99 | 107.85 | OK | |
r-release-macos-arm64 | 1.0.1 | 53.00 | NOTE | |||
r-release-macos-x86_64 | 1.0.1 | 76.00 | NOTE | |||
r-release-windows-x86_64 | 1.0.1 | 8.00 | 122.00 | 130.00 | NOTE | |
r-oldrel-macos-arm64 | 1.0.1 | 44.00 | NOTE | |||
r-oldrel-macos-x86_64 | 1.0.1 | 68.00 | NOTE | |||
r-oldrel-windows-x86_64 | 1.0.1 | 7.00 | 116.00 | 123.00 | NOTE |
Version: 1.0.1
Check: installed package size
Result: NOTE
installed size is 6.8Mb
sub-directories of 1Mb or more:
doc 5.4Mb
extdata 1.1Mb
Flavors: r-devel-linux-x86_64-fedora-clang, r-devel-windows-x86_64, r-release-macos-arm64, r-release-macos-x86_64, r-release-windows-x86_64, r-oldrel-macos-arm64, r-oldrel-macos-x86_64, r-oldrel-windows-x86_64