Last updated on 2023-09-28 23:09:02 CEST.
Flavor | Version | Tinstall | Tcheck | Ttotal | Status | Flags |
---|---|---|---|---|---|---|
r-devel-linux-x86_64-debian-clang | 0.2.1 | 5.75 | 92.32 | 98.07 | NOTE | |
r-devel-linux-x86_64-debian-gcc | 0.2.1 | 4.40 | 69.63 | 74.03 | NOTE | |
r-devel-linux-x86_64-fedora-clang | 0.2.1 | 117.85 | NOTE | |||
r-devel-linux-x86_64-fedora-gcc | 0.2.1 | 129.79 | NOTE | |||
r-devel-windows-x86_64 | 0.2.1 | 7.00 | 91.00 | 98.00 | NOTE | |
r-patched-linux-x86_64 | 0.2.1 | 4.54 | 86.93 | 91.47 | NOTE | |
r-release-linux-x86_64 | 0.2.1 | 3.52 | 88.69 | 92.21 | NOTE | |
r-release-macos-arm64 | 0.2.1 | 63.00 | NOTE | |||
r-release-macos-x86_64 | 0.2.1 | 81.00 | NOTE | |||
r-release-windows-x86_64 | 0.2.1 | 8.00 | 102.00 | 110.00 | NOTE | |
r-oldrel-macos-arm64 | 0.2.1 | 61.00 | NOTE | |||
r-oldrel-macos-x86_64 | 0.2.1 | 72.00 | NOTE | |||
r-oldrel-windows-x86_64 | 0.2.1 | 9.00 | 107.00 | 116.00 | NOTE |
Version: 0.2.1
Check: LazyData
Result: NOTE
'LazyData' is specified without a 'data' directory
Flavors: r-devel-linux-x86_64-debian-clang, r-devel-linux-x86_64-debian-gcc, r-devel-linux-x86_64-fedora-clang, r-devel-linux-x86_64-fedora-gcc, r-devel-windows-x86_64, r-patched-linux-x86_64, r-release-linux-x86_64, r-release-macos-arm64, r-release-macos-x86_64, r-release-windows-x86_64, r-oldrel-macos-arm64, r-oldrel-macos-x86_64, r-oldrel-windows-x86_64